{"id":96,"date":"2018-06-06T15:47:13","date_gmt":"2018-06-06T18:47:13","guid":{"rendered":"http:\/\/cpp.com.ar\/tecnologia\/?page_id=96"},"modified":"2019-12-19T11:43:42","modified_gmt":"2019-12-19T14:43:42","slug":"realidad-virtual","status":"publish","type":"page","link":"https:\/\/cpp.com.ar\/tecnologia\/realidad-virtual\/","title":{"rendered":"Realidad virtual"},"content":{"rendered":"<section class=\"wpb-content-wrapper\"><p>[vc_row css=\u00bb.vc_custom_1533704492113{margin-bottom: 40px !important;}\u00bb][vc_column][vc_row_inner][vc_column_inner width=\u00bb1\/4&#8243;][vc_empty_space height=\u00bb20px\u00bb]<div  class=\"wpb_content_element   clearfix\"><style type=\"text\/css\" scoped>#ut_am_69f42e55a31f6 { opacity: 1; }<\/style><div id=\"ut_am_wrap_69f42e55a31f8\" class=\"ut-image-gallery-image \" style=\"text-align:left;\"><div class=\"ut-animated-image-item ut-image-gallery-item ut-animation-done\"><a class=\"ut-deactivated-link\" href=\"#\"><img title=\"Realidad Virtual\" id=\"ut_am_69f42e55a31f6\" style=\"\" src=\"https:\/\/cpp.com.ar\/tecnologia\/wp-content\/uploads\/sites\/2\/2018\/07\/vr-3460451_1280-300x300.jpg\" width=\"300\" height=\"300\" alt=\"Realidad Virtual\"\/><\/a><\/div><\/div><\/div>[\/vc_column_inner][vc_column_inner width=\u00bb3\/4&#8243;][vc_column_text]<\/p>\n<p dir=\"ltr\">La realidad virtual es un entorno de apariencia real generado mediante tecnolog\u00edas inform\u00e1ticas que crea la sensaci\u00f3n de estar en el mismo para quien la utiliza. En el campo de la salud mental se han desarrollado sistemas de Realidad Virtual por y para por psic\u00f3logos quienes la consideran una herramienta indispensable para ayudar a los pacientes a hacer frente a las dificultades que plantean las terapias de exposici\u00f3n, siendo \u00e9sta la opci\u00f3n mas efectiva y eficiente en el tratamiento de diversos trastornos de ansiedad.<\/p>\n<p dir=\"ltr\">El terapeuta tiene control sobre la herramienta, podr\u00e1\u00a0 graduar la exposici\u00f3n de acuerdo a las necesidades y posibilidades del paciente. As\u00ed mismo, los entornos interactivos e inmersivos permiten al paciente ser el protagonista de la terapia, ayudando a reducir los temores iniciales, incrementando la confianza y manteniendo su compromiso con el tratamiento.<\/p>\n<p>[\/vc_column_text][\/vc_column_inner][\/vc_row_inner][vc_column_text]<\/p>\n<p dir=\"ltr\">Mas de 20 a\u00f1os de estudios controlados han demostrado la efectividad de la Realidad Virtual para el tratamiento de diferentes fobias y miedos, consiguiendo mejores resultados que con las terapias cl\u00e1sicas basadas en imaginaci\u00f3n. As\u00ed mismo, es una importante herramienta para la pr\u00e1ctica de relajaci\u00f3n y mindfulness.<\/p>\n<p dir=\"ltr\">El Centro Privado de Psicoterapias es una de las pocas instituciones en Salud Mental de Argentina que ofrecen esta avanzada herramienta para beneficio del paciente en la resoluci\u00f3n de su problema.<\/p>\n<p>[\/vc_column_text][vc_column_text]<\/p>\n<h3>\u00bfC\u00f3mo funciona?<\/h3>\n<ul>\n<li>Un casco de realidad virtual se adapta a un tel\u00e9fono inteligente y a un dispositivo de biofeedback.<\/li>\n<li>El terapeuta observa en tiempo real lo mismo que est\u00e1 viendo el paciente.<\/li>\n<li>Monitorea la informaci\u00f3n fisiol\u00f3gica que arroja el sensor de biofeedback.<\/li>\n<li>Esto le permite adaptar y controlar la experiencia seg\u00fan las necesidades de cada consultante.<\/li>\n<\/ul>\n<p>&nbsp;<\/p>\n<p><strong>\u00bfTe interesa empezar? Dejanos tus datos y nos comunicamos con vos<\/strong>[\/vc_column_text][\/vc_column][\/vc_row][vc_section][vc_row][vc_column width=\u00bb1\/2&#8243;]<div class=\"wpb_content_element \"><div role=\"form\" class=\"wpcf7\" id=\"wpcf7-f139-o1\" lang=\"es-ES\" dir=\"ltr\">\n<div class=\"screen-reader-response\"><p role=\"status\" aria-live=\"polite\" aria-atomic=\"true\"><\/p> <ul><\/ul><\/div>\n<form action=\"\/tecnologia\/wp-json\/wp\/v2\/pages\/96#wpcf7-f139-o1\" method=\"post\" class=\"wpcf7-form init\" novalidate=\"novalidate\" data-status=\"init\">\n<div style=\"display: none;\">\n<input type=\"hidden\" name=\"_wpcf7\" value=\"139\" \/>\n<input type=\"hidden\" name=\"_wpcf7_version\" value=\"5.4\" \/>\n<input type=\"hidden\" name=\"_wpcf7_locale\" value=\"es_ES\" \/>\n<input type=\"hidden\" name=\"_wpcf7_unit_tag\" value=\"wpcf7-f139-o1\" \/>\n<input type=\"hidden\" name=\"_wpcf7_container_post\" value=\"0\" \/>\n<input type=\"hidden\" name=\"_wpcf7_posted_data_hash\" value=\"\" \/>\n<input type=\"hidden\" name=\"_wpcf7_recaptcha_response\" value=\"\" \/>\n<\/div>\n<div class=\"campo\">\n    <label>Nombre*<\/label><br \/>\n    <span class=\"wpcf7-form-control-wrap nombre\"><input type=\"text\" name=\"nombre\" value=\"\" size=\"40\" class=\"wpcf7-form-control wpcf7-text wpcf7-validates-as-required\" aria-required=\"true\" aria-invalid=\"false\" \/><\/span>\n<\/div>\n<div class=\"campo\">\n    <label>Apellido*<\/label><br \/>\n    <span class=\"wpcf7-form-control-wrap apellido\"><input type=\"text\" name=\"apellido\" value=\"\" size=\"40\" class=\"wpcf7-form-control wpcf7-text wpcf7-validates-as-required\" aria-required=\"true\" aria-invalid=\"false\" \/><\/span>\n<\/div>\n<div class=\"campo\">\n    <label>E-mail*<\/label><br \/>\n    <span class=\"wpcf7-form-control-wrap email\"><input type=\"email\" name=\"email\" value=\"\" size=\"40\" class=\"wpcf7-form-control wpcf7-text wpcf7-email wpcf7-validates-as-required wpcf7-validates-as-email\" aria-required=\"true\" aria-invalid=\"false\" \/><\/span>\n<\/div>\n<div class=\"campo\">\n    <label>Tel\u00e9fono<\/label><br \/>\n    <span class=\"wpcf7-form-control-wrap telefono\"><input type=\"text\" name=\"telefono\" value=\"\" size=\"40\" class=\"wpcf7-form-control wpcf7-text\" aria-invalid=\"false\" \/><\/span>\n<\/div>\n<div class=\"campo\">\n    <label>Ciudad*<\/label><br \/>\n    <span class=\"wpcf7-form-control-wrap ciudad\"><input type=\"text\" name=\"ciudad\" value=\"\" size=\"40\" class=\"wpcf7-form-control wpcf7-text wpcf7-validates-as-required\" aria-required=\"true\" aria-invalid=\"false\" \/><\/span>\n<\/div>\n<div class=\"campo\">\n    <label>\u00bfC\u00f3mo nos conoci\u00f3?*<\/label><br \/>\n    <span class=\"wpcf7-form-control-wrap como-conocio\"><select name=\"como-conocio\" class=\"wpcf7-form-control wpcf7-select wpcf7-validates-as-required\" aria-required=\"true\" aria-invalid=\"false\"><option value=\"\">---<\/option><option value=\"Correo electr\u00f3nico del CPP\">Correo electr\u00f3nico del CPP<\/option><option value=\"Facebook\">Facebook<\/option><option value=\"Google\">Google<\/option><option value=\"LinkedIn\">LinkedIn<\/option><option value=\"P\u00e1gina web del CPP\">P\u00e1gina web del CPP<\/option><option value=\"Recomendaci\u00f3n\">Recomendaci\u00f3n<\/option><option value=\"Obra Social\">Obra Social<\/option><option value=\"Otro\">Otro<\/option><\/select><\/span>\n<\/div>\n<div class=\"campo\">\n    <label>Mensaje<\/label><br \/>\n    <span class=\"wpcf7-form-control-wrap mensaje\"><textarea name=\"mensaje\" cols=\"40\" rows=\"10\" class=\"wpcf7-form-control wpcf7-textarea\" aria-invalid=\"false\"><\/textarea><\/span>\n<\/div>\n<div class=\"enviar\">\n    <input type=\"submit\" value=\"Enviar\" class=\"wpcf7-form-control wpcf7-submit\" \/>\n<\/div>\n<div class=\"wpcf7-response-output\" aria-hidden=\"true\"><\/div><\/form><\/div><\/div>[\/vc_column][vc_column width=\u00bb1\/2&#8243;][\/vc_column][\/vc_row][\/vc_section]<\/p>\n<\/section>","protected":false},"excerpt":{"rendered":"<p>[vc_row css=\u00bb.vc_custom_1533704492113{margin-bottom: 40px !important;}\u00bb][vc_column][vc_row_inner][vc_column_inner width=\u00bb1\/4&#8243;][vc_empty_space height=\u00bb20px\u00bb][\/vc_column_inner][vc_column_inner width=\u00bb3\/4&#8243;][vc_column_text] La realidad virtual es un entorno de apariencia real generado mediante tecnolog\u00edas inform\u00e1ticas que crea la sensaci\u00f3n de estar en el mismo para quien la utiliza. En el campo de la salud mental se han desarrollado sistemas de Realidad Virtual por y para por psic\u00f3logos quienes la consideran [&hellip;]<\/p>\n","protected":false},"author":1,"featured_media":0,"parent":0,"menu_order":0,"comment_status":"closed","ping_status":"closed","template":"","meta":{"footnotes":""},"acf":[],"_links":{"self":[{"href":"https:\/\/cpp.com.ar\/tecnologia\/wp-json\/wp\/v2\/pages\/96"}],"collection":[{"href":"https:\/\/cpp.com.ar\/tecnologia\/wp-json\/wp\/v2\/pages"}],"about":[{"href":"https:\/\/cpp.com.ar\/tecnologia\/wp-json\/wp\/v2\/types\/page"}],"author":[{"embeddable":true,"href":"https:\/\/cpp.com.ar\/tecnologia\/wp-json\/wp\/v2\/users\/1"}],"replies":[{"embeddable":true,"href":"https:\/\/cpp.com.ar\/tecnologia\/wp-json\/wp\/v2\/comments?post=96"}],"version-history":[{"count":11,"href":"https:\/\/cpp.com.ar\/tecnologia\/wp-json\/wp\/v2\/pages\/96\/revisions"}],"predecessor-version":[{"id":348,"href":"https:\/\/cpp.com.ar\/tecnologia\/wp-json\/wp\/v2\/pages\/96\/revisions\/348"}],"wp:attachment":[{"href":"https:\/\/cpp.com.ar\/tecnologia\/wp-json\/wp\/v2\/media?parent=96"}],"curies":[{"name":"wp","href":"https:\/\/api.w.org\/{rel}","templated":true}]}}