{"id":8174,"date":"2023-10-04T15:48:54","date_gmt":"2023-10-04T18:48:54","guid":{"rendered":"https:\/\/cpp.com.ar\/formacion\/?page_id=8174"},"modified":"2026-01-07T12:34:43","modified_gmt":"2026-01-07T15:34:43","slug":"terapia-breve-centrada-en-soluciones","status":"publish","type":"page","link":"https:\/\/cpp.com.ar\/formacion\/terapia-breve-centrada-en-soluciones\/","title":{"rendered":"Terapia breve centrada en soluciones"},"content":{"rendered":"<section class=\"wpb-content-wrapper\"><p>[vc_section css=\u00bb.vc_custom_1531359830548{border-bottom-width: 1px !important;}\u00bb][vc_row][vc_column width=\u00bb1\/4&#8243;]<div  class=\"wpb_content_element   clearfix\"><div id=\"ut_am_wrap_69f76a4ba2c22\" class=\"ut-image-gallery-image \" style=\"text-align:center;\"><div class=\"ut-animated-image-item ut-image-gallery-item ut-animation-done\"><a class=\"ut-deactivated-link\" href=\"#\"><img title=\"TCS\" id=\"ut_am_69f76a4ba2c21\" style=\"\" src=\"https:\/\/cpp.com.ar\/formacion\/wp-content\/uploads\/sites\/3\/2023\/10\/tcs.jpg\" width=\"300\" height=\"350\" alt=\"dibujo de una capeza con un engranaje simulando el cerebro\"\/><\/a><\/div><\/div><\/div>[\/vc_column][vc_column width=\u00bb3\/4&#8243;]<div class=\"wpb_content_element \"><style type=\"text\/css\" scoped>#ut_header_69f76a4ba2e1c h2 span { color:#000000; }#ut_header_69f76a4ba2e1c h2.section-title { font-size: 25px; }#ut_header_69f76a4ba2e1c.pt-style-2 .page-title:after, #ut_header_69f76a4ba2e1c.pt-style-2 .parallax-title:after, #ut_header_69f76a4ba2e1c.pt-style-2 .section-title:after {background-color: #000000 !important;height: ;width: ;}<\/style><header id=\"ut_header_69f76a4ba2e1c\" class=\"section-header pt-style-2 header-left\"><h2  class=\"section-title \"><span>Aprend\u00e9 a construir intervenciones que aumentan la eficacia y acortan la terapia.<\/span><\/h2><div data-delay=\"0\" class=\"lead \"><p>El modelo Centrado en soluciones fue desarrollado por Steve De Shazer y su grupo en el Centro de Terapia Familiar Breve de Milwaukee, Wisconsin. Representa una forma de pensar la terapia que prioriza el recurso sobre el d\u00e9ficit, la soluci\u00f3n sobre el problema y el futuro sobre el pasado. Sostiene que trabajar sobre la visualizaci\u00f3n de un futuro deseable y libre del problema, es una poderosa herramienta que moviliza a la acci\u00f3n.<\/p>\n<\/div><\/header><\/div><style type=\"text\/css\" scoped>#bklyn_btn_69f76a4ba2e8c .bklyn-btn { border-radius:4px; background-color:#ffb800; }#bklyn_btn_69f76a4ba2e8c .bklyn-btn:hover{ color:#ffffff; background-color:#ff7506; }#bklyn_btn_69f76a4ba2e8c .bklyn-btn:focus{ color:#ffffff; background-color:#ff7506; }#bklyn_btn_69f76a4ba2e8c .bklyn-btn:active { color:#ffffff; background-color:#ff7506; }<\/style><div id=\"bklyn_btn_69f76a4ba2e8c\" class=\"bklyn-btn-holder  bklyn-btn-left\"><a title=\"\"   href=\"#aranceles\" target=\"_self\" class=\"bklyn-btn bklyn-btn-full bklyn-btn-normal\" >INSCRIBITE AL CURSO<\/a><\/div><style type=\"text\/css\" scoped>#ut_custom_heading69f76a4ba2ed4 { color:#000000; }#ut_custom_heading69f76a4ba2ed4 a { color:#000000; }#ut_custom_heading69f76a4ba2ed4 a:hover { color:#1e73be; }#ut_custom_heading69f76a4ba2ed4 a:active { color:#1e73be; }#ut_custom_heading69f76a4ba2ed4 a:focus { color:#1e73be; }#ut_custom_heading69f76a4ba2ed4 { font-weight:bold; }#ut_custom_heading69f76a4ba2ed4 { text-align:left; }<\/style><p id=\"ut_custom_heading69f76a4ba2ed4\" class=\"ut-custom-heading-module  \" ><span><a title=\"\" href=\"https:\/\/ef3331e6.sibforms.com\/serve\/MUIFAApPkvXbzR3VIlGWpYcI_G5M33Ksy1IA7UXaCtIwK1LR0N6G2CHHZx3TIviX_DCPhbGUkfMvmeqrdTvQftupX4M03d7ctyLQINzrFp-CpVU3FphNZeBFecqNGWppvkT2fbPq95IptiqR7Y0v1yHJDGtDd1tZg7DD4tVkYrLB5tgY-ENYuxdH8m51Q7V1Ke8JVSzl9uAn8p0W\" target=\"_self\" >\ud83c\udf81 Regal\u00e1 este curso<\/a><\/span><\/p>[\/vc_column][\/vc_row][\/vc_section][vc_section][vc_row css=\u00bb.vc_custom_1631656872192{background-color: #efefef !important;}\u00bb][vc_column width=\u00bb1\/3&#8243;]<div class=\"wpb_content_element \"><div id=\"utbx_o_69f76a4ba2f0c\" class=\"ut-service-icon-box  clearfix  ut-service-icon-box-center\"><style type=\"text\/css\" scoped>#utbx_69f76a4ba2f0b { background:#00cdb5; }#utbx_69f76a4ba2f0b:hover { background: #2FC0D7; } #utbx_69f76a4ba2f0b:after { box-shadow: 0 0 0 4px #2FC0D7; } <\/style><div class=\"ut-highlight-icon-wrap ut-highlight-icon-effect\"><a id=\"utbx_69f76a4ba2f0b\" data-id=\"utbx_69f76a4ba2f0b\" data-hovercolor=\"#2FC0D7\"  data-effect=\"fadeInRight\" data-animateonce=\"yes\" data-delay=\"0\" class=\"ut-highlight-icon ut-animate-element animated ut-no-animation-tablet ut-no-animation-mobile fa fa-calendar\" href=\"#\" target=\"_blank\"><\/a><\/div><\/div><\/div>[vc_column_text]<\/p>\n<h4 style=\"text-align: center;\"><strong>\u00a1Anotate ahora! Pod\u00e9s cursar cuando quieras<\/strong><\/h4>\n<p>[\/vc_column_text][\/vc_column][vc_column width=\u00bb1\/3&#8243;]<div class=\"wpb_content_element \"><div id=\"utbx_o_69f76a4ba2f39\" class=\"ut-service-icon-box  clearfix  ut-service-icon-box-center\"><style type=\"text\/css\" scoped>#utbx_69f76a4ba2f38 { background:#00cdb5; }#utbx_69f76a4ba2f38:hover { background: #2FC0D7; } #utbx_69f76a4ba2f38:after { box-shadow: 0 0 0 4px #2FC0D7; } <\/style><div class=\"ut-highlight-icon-wrap ut-highlight-icon-effect\"><a id=\"utbx_69f76a4ba2f38\" data-id=\"utbx_69f76a4ba2f38\" data-hovercolor=\"#2FC0D7\"  data-effect=\"fadeInRight\" data-animateonce=\"yes\" data-delay=\"0\" class=\"ut-highlight-icon ut-animate-element animated ut-no-animation-tablet ut-no-animation-mobile fa fa-users\" href=\"#\" target=\"_blank\"><\/a><\/div><\/div><\/div>[vc_column_text]<\/p>\n<h4 style=\"text-align: center;\">Dirigido a:<\/h4>\n<h4 style=\"text-align: center;\">Profesionales de la Salud Mental y estudiantes avanzados<\/h4>\n<p>[\/vc_column_text][\/vc_column][vc_column width=\u00bb1\/3&#8243;]<div class=\"wpb_content_element \"><div id=\"utbx_o_69f76a4ba2f5e\" class=\"ut-service-icon-box  clearfix  ut-service-icon-box-center\"><style type=\"text\/css\" scoped>#utbx_69f76a4ba2f5d { background:#00cdb5; }#utbx_69f76a4ba2f5d:hover { background: #2FC0D7; } #utbx_69f76a4ba2f5d:after { box-shadow: 0 0 0 4px #2FC0D7; } <\/style><div class=\"ut-highlight-icon-wrap ut-highlight-icon-effect\"><a id=\"utbx_69f76a4ba2f5d\" data-id=\"utbx_69f76a4ba2f5d\" data-hovercolor=\"#2FC0D7\"  data-effect=\"fadeInRight\" data-animateonce=\"yes\" data-delay=\"0\" class=\"ut-highlight-icon ut-animate-element animated ut-no-animation-tablet ut-no-animation-mobile fa fa-paper-plane-o\" href=\"#\" target=\"_blank\"><\/a><\/div><\/div><\/div>[vc_column_text]<\/p>\n<h4 style=\"text-align: center;\">ACCESO ILIMITADO POR 6 MESES<\/h4>\n<p>[\/vc_column_text][\/vc_column][\/vc_row][vc_row][vc_column width=\u00bb1\/6&#8243;][\/vc_column][vc_column width=\u00bb2\/3&#8243;][vc_column_text]<\/p>\n<h3 style=\"font-size: 16px; text-align: center;\">Estamos acostumbrados por formaci\u00f3n acad\u00e9mica universitaria a centrar nuestra atenci\u00f3n en diagn\u00f3sticos, problemas y d\u00e9ficits. Sin embargo, tanto en psicoterapia como en otras disciplinas de recursos humanos la experiencia indica que focalizar el trabajo en lo que el consultante desea lograr, m\u00e1s que en el problema que se lo impide, es una poderosa herramienta que moviliza el cambio.<\/h3>\n<p>[\/vc_column_text][vc_empty_space]<div class=\"wpb_content_element \"><style type=\"text\/css\" scoped>#ut_header_69f76a4ba2f80.pt-style-2 .page-title:after, #ut_header_69f76a4ba2f80.pt-style-2 .parallax-title:after, #ut_header_69f76a4ba2f80.pt-style-2 .section-title:after {background-color:!important;height: ;width: ;}<\/style><header id=\"ut_header_69f76a4ba2f80\" class=\"section-header pt-style-2 header-center\"><h2  class=\"section-title \"><span><strong>Contenidos:<\/strong><\/span><\/h2><\/header><\/div>[vc_column_text]<strong>Clase 1:<\/strong><br \/>\nIntroducci\u00f3n al enfoque de terapia breve centrada en soluciones (TCS). Met\u00e1fora de la cerradura. Terapia breve centrada en soluciones<br \/>\nMarco te\u00f3rico, presupuestos y postulados.<br \/>\nMet\u00e1fora de la cerradura<\/p>\n<p><strong>Clase 2:<\/strong><br \/>\nDefiniendo el problema orientado a la soluci\u00f3n desde la primera entrevista. Muerte de la resistencia.<br \/>\nVisi\u00f3n cooperativa de la terapia.<br \/>\nTrabajo con excepciones y soluciones.<br \/>\nPregunta del milagro.<\/p>\n<p><strong>Clase 3:<\/strong><br \/>\nExcepciones y soluciones: construyendo descripciones de futuro. Pregunta del milagro. \u00bfC\u00f3mo se plantean las quejas en terapia?<br \/>\nBloques constructivos de la queja.<br \/>\nBuscando las clave de la soluci\u00f3n.<br \/>\nLa t\u00e9cnica de la bola de cristal<\/p>\n<p><strong>Clase 4:<\/strong><br \/>\nT\u00e9cnicas espec\u00edficas que ampl\u00edan el repertorio de las intervenciones de los terapeutas. C\u00f3mo saber qu\u00e9 hacer y cu\u00e1ndo. Preguntas de escala<br \/>\nLlaves maestras<br \/>\nTareas<br \/>\nConcepto de ajuste[\/vc_column_text]<style type=\"text\/css\" scoped>#bklyn_btn_69f76a4ba2fa8 .bklyn-btn { border-radius:4px; background-color:#ffb800; }#bklyn_btn_69f76a4ba2fa8 .bklyn-btn:hover{ color:#ffffff; background-color:#ff7200; }#bklyn_btn_69f76a4ba2fa8 .bklyn-btn:focus{ color:#ffffff; background-color:#ff7200; }#bklyn_btn_69f76a4ba2fa8 .bklyn-btn:active { color:#ffffff; background-color:#ff7200; }<\/style><div id=\"bklyn_btn_69f76a4ba2fa8\" class=\"bklyn-btn-holder  bklyn-btn-center\"><a title=\"\"   href=\"#aranceles\" target=\"_self\" class=\"bklyn-btn  bklyn-btn-normal\" >INSCRIBITE AL CURSO<\/a><\/div><style type=\"text\/css\" scoped>#ut_custom_heading69f76a4ba2fe2 { color:#000000; }#ut_custom_heading69f76a4ba2fe2 a { color:#000000; }#ut_custom_heading69f76a4ba2fe2 a:hover { color:#1e73be; }#ut_custom_heading69f76a4ba2fe2 a:active { color:#1e73be; }#ut_custom_heading69f76a4ba2fe2 a:focus { color:#1e73be; }#ut_custom_heading69f76a4ba2fe2 { font-weight:bold; }#ut_custom_heading69f76a4ba2fe2 { text-align:center; }<\/style><p id=\"ut_custom_heading69f76a4ba2fe2\" class=\"ut-custom-heading-module  \" ><span><a title=\"\" href=\"https:\/\/ef3331e6.sibforms.com\/serve\/MUIFAApPkvXbzR3VIlGWpYcI_G5M33Ksy1IA7UXaCtIwK1LR0N6G2CHHZx3TIviX_DCPhbGUkfMvmeqrdTvQftupX4M03d7ctyLQINzrFp-CpVU3FphNZeBFecqNGWppvkT2fbPq95IptiqR7Y0v1yHJDGtDd1tZg7DD4tVkYrLB5tgY-ENYuxdH8m51Q7V1Ke8JVSzl9uAn8p0W\" target=\"_self\" >\ud83c\udf81 Regal\u00e1 este curso<\/a><\/span><\/p>[\/vc_column][vc_column width=\u00bb1\/6&#8243;][\/vc_column][\/vc_row][\/vc_section][vc_section css=\u00bb.vc_custom_1695152492285{background-color: #f4f4f4 !important;}\u00bb][vc_row][vc_column]<div class=\"wpb_content_element \"><style type=\"text\/css\" scoped>#ut_header_69f76a4ba30ba h2 span { color:#000000; }#ut_header_69f76a4ba30ba h2.section-title { font-size: 25px; }#ut_header_69f76a4ba30ba.pt-style-2 .page-title:after, #ut_header_69f76a4ba30ba.pt-style-2 .parallax-title:after, #ut_header_69f76a4ba30ba.pt-style-2 .section-title:after {background-color: #000000 !important;height: ;width: ;}<\/style><header id=\"ut_header_69f76a4ba30ba\" class=\"section-header pt-style-2 header-center\"><h2  class=\"section-title \"><span><strong>Modalidad del curso<\/strong><\/span><\/h2><\/header><\/div>[\/vc_column][\/vc_row][vc_row][vc_column width=\u00bb1\/3&#8243;]<div class=\"wpb_content_element \"><style type=\"text\/css\" scoped><\/style><div id=\"ut_sc_69f76a4ba30da\"  class=\"ut-horizontal-style-align-left  clearfix \" ><figure class=\"ut-service-icon ut-service-icon-medium ut-service-icon-normal \"><i style=\"color: #2FC0D7;\" class=\"fa fa fa-video-camera\"><\/i><\/figure><div class=\"ut-service-column ut-service-column-horiz\" ><h3>Clases videograbadas<\/h3><p>Visualiz\u00e1 las clases en cualquier momento del d\u00eda durante todo el curso.<\/p><\/div><\/div><\/div>[\/vc_column][vc_column width=\u00bb1\/3&#8243;]<div class=\"wpb_content_element \"><style type=\"text\/css\" scoped><\/style><div id=\"ut_sc_69f76a4ba30f8\"  class=\"ut-horizontal-style-align-left  clearfix \" ><figure class=\"ut-service-icon ut-service-icon-medium ut-service-icon-normal \"><i style=\"color: #2FC0D7;\" class=\"fa fa fa-certificate\"><\/i><\/figure><div class=\"ut-service-column ut-service-column-horiz\" ><h3>Examen final y Certificado<\/h3><p>Al finalizar el curso tendr\u00e1s la posibilidad de rendir un examen final y un certificado de participaci\u00f3n a tu nombre.<\/p><\/div><\/div><\/div>[\/vc_column][vc_column width=\u00bb1\/3&#8243;]<div class=\"wpb_content_element \"><style type=\"text\/css\" scoped><\/style><div id=\"ut_sc_69f76a4ba310e\"  class=\"ut-horizontal-style-align-left  clearfix \" ><figure class=\"ut-service-icon ut-service-icon-medium ut-service-icon-normal \"><i style=\"color: #2FC0D7;\" class=\"fa fa fa-question-circle\"><\/i><\/figure><div class=\"ut-service-column ut-service-column-horiz\" ><h3>Mesa de ayuda<\/h3><p>Cont\u00e1 con apoyo t\u00e9cnico permanente a lo largo de toda la cursada.<\/p><\/div><\/div><\/div>[\/vc_column][\/vc_row][\/vc_section][vc_section][vc_row][vc_column]<div class=\"wpb_content_element \"><style type=\"text\/css\" scoped>#ut_header_69f76a4ba3126.pt-style-2 .page-title:after, #ut_header_69f76a4ba3126.pt-style-2 .parallax-title:after, #ut_header_69f76a4ba3126.pt-style-2 .section-title:after {background-color:!important;height: ;width: ;}<\/style><header id=\"ut_header_69f76a4ba3126\" class=\"section-header pt-style-2 header-center\"><h2  class=\"section-title \"><span><strong>Docente:<\/strong><\/span><\/h2><\/header><\/div>[\/vc_column][\/vc_row][vc_row][vc_column width=\u00bb1\/6&#8243;][\/vc_column][vc_column width=\u00bb2\/3&#8243;]<div class=\"wpb_content_element   clearfix\">            \r\n            <script type=\"text\/javascript\">\r\n                \r\n                (function($){\r\n                    \r\n                    $(document).ready(function(){\r\n                        \r\n                                                                        \r\n                        function get_animated_objects( $all_appeared_elements, effect ) {\r\n                            \r\n                            var counter = 0;\r\n                            \r\n                            $all_appeared_elements.each(function(){\r\n                                        \r\n                                if( $(this).hasClass(effect) ) {\r\n\r\n                                    counter++;\r\n\r\n                                }\r\n\r\n                            });\r\n                            \r\n                            return counter;\r\n                            \r\n                        }\r\n                        \r\n                          \r\n                    });\r\n                        \r\n                })(jQuery);\r\n            \r\n            <\/script>\r\n            \r\n            <style type=\"text\/css\" scoped>#ut_ig_69f76a4ba314d .ut-lazy:not(.ut-image-loaded) + .ut-video-module-loading { display:block; }#ut_ig_69f76a4ba314d .ut-lazy.ut-image-loaded + .ut-video-module-loading { display:none; }<\/style><div id=\"ut_ig_69f76a4ba314d\" class=\"ut-image-gallery  clearfix\"><div  data-count=\"1\" class=\"ut-image-gallery-item ut-animation-done grid-100 tablet-grid-100 mobile-grid-100 \"><a  class=\"ut-vc-images-lightbox\"  data-exthumbimage=\"https:\/\/cpp.com.ar\/formacion\/wp-content\/uploads\/sites\/3\/2025\/07\/2-150x150.png\" href=\"https:\/\/cpp.com.ar\/formacion\/wp-content\/uploads\/sites\/3\/2025\/07\/2.png\"><div class=\"ut-image-gallery-image\"><img  class=\"\" src=\"https:\/\/cpp.com.ar\/formacion\/wp-content\/uploads\/sites\/3\/2025\/07\/2-100x100.png\" width=\"100\" height=\"100\"><\/div><\/a><\/div><div class=\"clear\"><\/div><\/div><\/div>[vc_column_text]<\/p>\n<h3 style=\"text-align: center;\">Lic. Silvia Ad\u00e1n<\/h3>\n<p style=\"text-align: center;\">Licenciada en Psicolog\u00eda Universidad de Belgrano. Directora del Departamento de Formaci\u00f3n del Centro Privado de Psicoterapias. Coordinadora y docente del postgrado en Terapia Focalizada.<\/p>\n<p>[\/vc_column_text][\/vc_column][vc_column width=\u00bb1\/6&#8243;][\/vc_column][\/vc_row][\/vc_section][vc_section bklyn_section_anchor_id=\u00bbinscripciones\u00bb css=\u00bb.vc_custom_1695152508970{background-color: #efefef !important;}\u00bb][vc_row el_id=\u00bbaranceles\u00bb][vc_column]<div class=\"wpb_content_element \"><style type=\"text\/css\" scoped>#ut_header_69f76a4ba5200.pt-style-2 .page-title:after, #ut_header_69f76a4ba5200.pt-style-2 .parallax-title:after, #ut_header_69f76a4ba5200.pt-style-2 .section-title:after {background-color:!important;height: ;width: ;}<\/style><header id=\"ut_header_69f76a4ba5200\" class=\"section-header pt-style-2 header-center\"><h2  class=\"section-title \"><span><strong>Aranceles:<\/strong><\/span><\/h2><\/header><\/div>[\/vc_column][\/vc_row][vc_row][vc_column width=\u00bb1\/4&#8243;][\/vc_column][vc_column width=\u00bb1\/4&#8243;][vc_column_text]<\/p>\n<p style=\"text-align: center;\">Si resid\u00eds en Argentina, el curso tiene un costo de:<\/p>\n<h2 style=\"text-align: center;\">$67.000.- Arg<\/h2>\n<p>[\/vc_column_text][\/vc_column][vc_column width=\u00bb1\/4&#8243;][vc_column_text]<\/p>\n<p style=\"text-align: center;\">Si resid\u00eds fuera de Argentina, el curso tiene un costo de:<\/p>\n<h2 style=\"text-align: center;\">70 USD<\/h2>\n<p>[\/vc_column_text][\/vc_column][vc_column width=\u00bb1\/4&#8243;][\/vc_column][\/vc_row][vc_row][vc_column]<style type=\"text\/css\" scoped>#bklyn_btn_69f76a4ba5262 .bklyn-btn { border-radius:4px; background-color:#ffb800; }#bklyn_btn_69f76a4ba5262 .bklyn-btn:hover{ color:#ffffff; background-color:#ff7200; }#bklyn_btn_69f76a4ba5262 .bklyn-btn:focus{ color:#ffffff; background-color:#ff7200; }#bklyn_btn_69f76a4ba5262 .bklyn-btn:active { color:#ffffff; background-color:#ff7200; }<\/style><div id=\"bklyn_btn_69f76a4ba5262\" class=\"bklyn-btn-holder  bklyn-btn-center\"><a title=\"\"   href=\"https:\/\/ef3331e6.sibforms.com\/serve\/MUIFAO7mr1zTzGk0pcyO3esCOGPn-CaVHNb5QlG_k4QKs7hyUbYTZ9vbuvj5H0GqwNuYhjP0hxDvpQDSZMRqYpAVRP9NsKT80VrI1Fu8GI78UxrEeoIj8ZKsr418cgpTXBpE4oDNg4_dUr-x9juqUTEYJR_OV-FXnAaRtVAkCxQkLfzj0maxi6v431BnlgJT9AzBmVvCENBTgYgz\" target=\"_self\" class=\"bklyn-btn  bklyn-btn-normal\" >QUIERO INSCRIBIRME<\/a><\/div><style type=\"text\/css\" scoped>#ut_custom_heading69f76a4ba52cf { color:#000000; }#ut_custom_heading69f76a4ba52cf a { color:#000000; }#ut_custom_heading69f76a4ba52cf a:hover { color:#1e73be; }#ut_custom_heading69f76a4ba52cf a:active { color:#1e73be; }#ut_custom_heading69f76a4ba52cf a:focus { color:#1e73be; }#ut_custom_heading69f76a4ba52cf { font-weight:bold; }#ut_custom_heading69f76a4ba52cf { text-align:center; }<\/style><p id=\"ut_custom_heading69f76a4ba52cf\" class=\"ut-custom-heading-module  \" ><span><a title=\"\" href=\"https:\/\/ef3331e6.sibforms.com\/serve\/MUIFAApPkvXbzR3VIlGWpYcI_G5M33Ksy1IA7UXaCtIwK1LR0N6G2CHHZx3TIviX_DCPhbGUkfMvmeqrdTvQftupX4M03d7ctyLQINzrFp-CpVU3FphNZeBFecqNGWppvkT2fbPq95IptiqR7Y0v1yHJDGtDd1tZg7DD4tVkYrLB5tgY-ENYuxdH8m51Q7V1Ke8JVSzl9uAn8p0W\" target=\"_self\" >\ud83c\udf81 Regal\u00e1 este curso<\/a><\/span><\/p>[\/vc_column][\/vc_row][\/vc_section][vc_section][vc_row][vc_column width=\u00bb1\/6&#8243;][\/vc_column][vc_column width=\u00bb2\/3&#8243;]<style type=\"text\/css\" scoped>#ut_custom_heading69f76a4ba5314 { font-size:30px; }#ut_custom_heading69f76a4ba5314 { font-weight:bold; }#ut_custom_heading69f76a4ba5314 { text-align:center; }<\/style><h2 id=\"ut_custom_heading69f76a4ba5314\" class=\"ut-custom-heading-module  \" ><span>\u00bfTen\u00e9s dudas?<\/span><\/h2><style type=\"text\/css\" scoped>#ut_custom_heading69f76a4ba5335 { font-size:25px; }#ut_custom_heading69f76a4ba5335 { font-weight:normal; }#ut_custom_heading69f76a4ba5335 { text-align:center; }<\/style><h2 id=\"ut_custom_heading69f76a4ba5335\" class=\"ut-custom-heading-module  \" ><span>Complet\u00e1 el siguiente formulario y te enviaremos m\u00e1s informaci\u00f3n<\/span><\/h2><div class=\"wpb_content_element \"><iframe loading=\"lazy\" style=\"display: block; margin-left: auto; margin-right: auto; max-width: 100%;\" src=\"https:\/\/ef3331e6.sibforms.com\/serve\/MUIFAIzaQVdbKVn-Loxix9REx3-22y9g-G0lgdlKUiec14L1auIOOEXh3hdIGSZVxfMt5b5eSKcJxbms3meLEY6FKBIAJSuCDg2qrKGA-lfTkG7irGkZDCZ3kHMOk2oOxJX6QbFK-dxE6EPU8nlt9gAm1YcBhDciZVQfPJjx-Cosc9R5nrdlXU2MDkOJsCM9AFUVx6hRJ1lYpcaR\" width=\"540\" height=\"705\" frameborder=\"0\" scrolling=\"auto\" allowfullscreen=\"allowfullscreen\"><\/iframe><\/div>[\/vc_column][vc_column width=\u00bb1\/6&#8243;][\/vc_column][\/vc_row][\/vc_section]<\/p>\n<\/section>","protected":false},"excerpt":{"rendered":"<p>[vc_section css=\u00bb.vc_custom_1531359830548{border-bottom-width: 1px !important;}\u00bb][vc_row][vc_column width=\u00bb1\/4&#8243;][\/vc_column][vc_column width=\u00bb3\/4&#8243;][\/vc_column][\/vc_row][\/vc_section][vc_section][vc_row css=\u00bb.vc_custom_1631656872192{background-color: #efefef !important;}\u00bb][vc_column width=\u00bb1\/3&#8243;][vc_column_text] \u00a1Anotate ahora! Pod\u00e9s cursar cuando quieras [\/vc_column_text][\/vc_column][vc_column width=\u00bb1\/3&#8243;][vc_column_text] Dirigido a: Profesionales de la Salud Mental y estudiantes avanzados [\/vc_column_text][\/vc_column][vc_column width=\u00bb1\/3&#8243;][vc_column_text] ACCESO ILIMITADO POR 6 MESES [\/vc_column_text][\/vc_column][\/vc_row][vc_row][vc_column width=\u00bb1\/6&#8243;][\/vc_column][vc_column width=\u00bb2\/3&#8243;][vc_column_text] Estamos acostumbrados por formaci\u00f3n acad\u00e9mica universitaria a centrar nuestra atenci\u00f3n en diagn\u00f3sticos, problemas y d\u00e9ficits. Sin embargo, [&hellip;]<\/p>\n","protected":false},"author":1,"featured_media":8177,"parent":0,"menu_order":0,"comment_status":"closed","ping_status":"closed","template":"","meta":{"footnotes":""},"acf":[],"_links":{"self":[{"href":"https:\/\/cpp.com.ar\/formacion\/wp-json\/wp\/v2\/pages\/8174"}],"collection":[{"href":"https:\/\/cpp.com.ar\/formacion\/wp-json\/wp\/v2\/pages"}],"about":[{"href":"https:\/\/cpp.com.ar\/formacion\/wp-json\/wp\/v2\/types\/page"}],"author":[{"embeddable":true,"href":"https:\/\/cpp.com.ar\/formacion\/wp-json\/wp\/v2\/users\/1"}],"replies":[{"embeddable":true,"href":"https:\/\/cpp.com.ar\/formacion\/wp-json\/wp\/v2\/comments?post=8174"}],"version-history":[{"count":23,"href":"https:\/\/cpp.com.ar\/formacion\/wp-json\/wp\/v2\/pages\/8174\/revisions"}],"predecessor-version":[{"id":9842,"href":"https:\/\/cpp.com.ar\/formacion\/wp-json\/wp\/v2\/pages\/8174\/revisions\/9842"}],"wp:featuredmedia":[{"embeddable":true,"href":"https:\/\/cpp.com.ar\/formacion\/wp-json\/wp\/v2\/media\/8177"}],"wp:attachment":[{"href":"https:\/\/cpp.com.ar\/formacion\/wp-json\/wp\/v2\/media?parent=8174"}],"curies":[{"name":"wp","href":"https:\/\/api.w.org\/{rel}","templated":true}]}}