{"id":8079,"date":"2023-09-18T12:55:11","date_gmt":"2023-09-18T15:55:11","guid":{"rendered":"https:\/\/cpp.com.ar\/formacion\/?page_id=8079"},"modified":"2026-01-07T12:13:56","modified_gmt":"2026-01-07T15:13:56","slug":"desregulacion-emocional-herramientas-para-terapeutas","status":"publish","type":"page","link":"https:\/\/cpp.com.ar\/formacion\/desregulacion-emocional-herramientas-para-terapeutas\/","title":{"rendered":"Desregulaci\u00f3n emocional. Herramientas para terapeutas"},"content":{"rendered":"<section class=\"wpb-content-wrapper\"><p>[vc_section css=\u00bb.vc_custom_1531359830548{border-bottom-width: 1px !important;}\u00bb][vc_row][vc_column width=\u00bb1\/4&#8243;]<div  class=\"wpb_content_element   clearfix\"><div id=\"ut_am_wrap_69d6acd9848b9\" class=\"ut-image-gallery-image \" style=\"text-align:center;\"><div class=\"ut-animated-image-item ut-image-gallery-item ut-animation-done\"><a class=\"ut-deactivated-link\" href=\"#\"><img title=\"Emociones\" id=\"ut_am_69d6acd9848b7\" style=\"\" src=\"https:\/\/cpp.com.ar\/formacion\/wp-content\/uploads\/sites\/3\/2023\/09\/articulos-newsletter-300-x-350-px.png\" width=\"300\" height=\"350\" alt=\"Emociones\"\/><\/a><\/div><\/div><\/div>[\/vc_column][vc_column width=\u00bb3\/4&#8243;]<div class=\"wpb_content_element \"><style type=\"text\/css\" scoped>#ut_header_69d6acd984b03 h2 span { color:#000000; }#ut_header_69d6acd984b03 h2.section-title { font-size: 25px; }#ut_header_69d6acd984b03.pt-style-2 .page-title:after, #ut_header_69d6acd984b03.pt-style-2 .parallax-title:after, #ut_header_69d6acd984b03.pt-style-2 .section-title:after {background-color: #000000 !important;height: ;width: ;}<\/style><header id=\"ut_header_69d6acd984b03\" class=\"section-header pt-style-2 header-left\"><h2  class=\"section-title \"><span>Obten\u00e9 herramientas para el manejo de la desregulaci\u00f3n emocional y potenci\u00e1 tu pr\u00e1ctica cl\u00ednica<\/span><\/h2><div data-delay=\"0\" class=\"lead \"><p>La capacitaci\u00f3n en t\u00e9cnicas de regulaci\u00f3n emocional mejora la efectividad cl\u00ednica de un psic\u00f3logo al proporcionar herramientas y estrategias espec\u00edficas para ayudar a los pacientes a manejar y controlar sus emociones de manera m\u00e1s saludable.<\/p>\n<\/div><\/header><\/div><style type=\"text\/css\" scoped>#bklyn_btn_69d6acd984ba7 .bklyn-btn { border-radius:4px; background-color:#ffb800; }#bklyn_btn_69d6acd984ba7 .bklyn-btn:hover{ color:#ffffff; background-color:#ff7506; }#bklyn_btn_69d6acd984ba7 .bklyn-btn:focus{ color:#ffffff; background-color:#ff7506; }#bklyn_btn_69d6acd984ba7 .bklyn-btn:active { color:#ffffff; background-color:#ff7506; }<\/style><div id=\"bklyn_btn_69d6acd984ba7\" class=\"bklyn-btn-holder  bklyn-btn-left\"><a title=\"\"   href=\"#aranceles\" target=\"_self\" class=\"bklyn-btn bklyn-btn-full bklyn-btn-normal\" >INSCRIBITE AL CURSO<\/a><\/div><style type=\"text\/css\" scoped>#ut_custom_heading69d6acd984bfe { color:#000000; }#ut_custom_heading69d6acd984bfe a { color:#000000; }#ut_custom_heading69d6acd984bfe a:hover { color:#1e73be; }#ut_custom_heading69d6acd984bfe a:active { color:#1e73be; }#ut_custom_heading69d6acd984bfe a:focus { color:#1e73be; }#ut_custom_heading69d6acd984bfe { font-weight:bold; }#ut_custom_heading69d6acd984bfe { text-align:left; }<\/style><p id=\"ut_custom_heading69d6acd984bfe\" class=\"ut-custom-heading-module  \" ><span><a title=\"\" href=\"https:\/\/ef3331e6.sibforms.com\/serve\/MUIFAApPkvXbzR3VIlGWpYcI_G5M33Ksy1IA7UXaCtIwK1LR0N6G2CHHZx3TIviX_DCPhbGUkfMvmeqrdTvQftupX4M03d7ctyLQINzrFp-CpVU3FphNZeBFecqNGWppvkT2fbPq95IptiqR7Y0v1yHJDGtDd1tZg7DD4tVkYrLB5tgY-ENYuxdH8m51Q7V1Ke8JVSzl9uAn8p0W\" target=\"_self\" >\ud83c\udf81 Regal\u00e1 este curso<\/a><\/span><\/p>[\/vc_column][\/vc_row][\/vc_section][vc_section][vc_row css=\u00bb.vc_custom_1631656872192{background-color: #efefef !important;}\u00bb][vc_column width=\u00bb1\/3&#8243;]<div class=\"wpb_content_element \"><div id=\"utbx_o_69d6acd984c55\" class=\"ut-service-icon-box  clearfix  ut-service-icon-box-center\"><style type=\"text\/css\" scoped>#utbx_69d6acd984c54 { background:#00cdb5; }#utbx_69d6acd984c54:hover { background: #2FC0D7; } #utbx_69d6acd984c54:after { box-shadow: 0 0 0 4px #2FC0D7; } <\/style><div class=\"ut-highlight-icon-wrap ut-highlight-icon-effect\"><a id=\"utbx_69d6acd984c54\" data-id=\"utbx_69d6acd984c54\" data-hovercolor=\"#2FC0D7\"  data-effect=\"fadeInRight\" data-animateonce=\"yes\" data-delay=\"0\" class=\"ut-highlight-icon ut-animate-element animated ut-no-animation-tablet ut-no-animation-mobile fa fa-calendar\" href=\"#\" target=\"_blank\"><\/a><\/div><\/div><\/div>[vc_column_text]<\/p>\n<h4 style=\"text-align: center;\"><strong>\u00a1Anotate ahora! Pod\u00e9s cursar cuando quieras<\/strong><\/h4>\n<p>[\/vc_column_text][\/vc_column][vc_column width=\u00bb1\/3&#8243;]<div class=\"wpb_content_element \"><div id=\"utbx_o_69d6acd984ca0\" class=\"ut-service-icon-box  clearfix  ut-service-icon-box-center\"><style type=\"text\/css\" scoped>#utbx_69d6acd984c9f { background:#00cdb5; }#utbx_69d6acd984c9f:hover { background: #2FC0D7; } #utbx_69d6acd984c9f:after { box-shadow: 0 0 0 4px #2FC0D7; } <\/style><div class=\"ut-highlight-icon-wrap ut-highlight-icon-effect\"><a id=\"utbx_69d6acd984c9f\" data-id=\"utbx_69d6acd984c9f\" data-hovercolor=\"#2FC0D7\"  data-effect=\"fadeInRight\" data-animateonce=\"yes\" data-delay=\"0\" class=\"ut-highlight-icon ut-animate-element animated ut-no-animation-tablet ut-no-animation-mobile fa fa-users\" href=\"#\" target=\"_blank\"><\/a><\/div><\/div><\/div>[vc_column_text]<\/p>\n<h4 style=\"text-align: center;\">Dirigido a:<\/h4>\n<h4 style=\"text-align: center;\">Profesionales de la Salud Mental y estudiantes avanzados<\/h4>\n<p>[\/vc_column_text][\/vc_column][vc_column width=\u00bb1\/3&#8243;]<div class=\"wpb_content_element \"><div id=\"utbx_o_69d6acd984cdf\" class=\"ut-service-icon-box  clearfix  ut-service-icon-box-center\"><style type=\"text\/css\" scoped>#utbx_69d6acd984cde { background:#00cdb5; }#utbx_69d6acd984cde:hover { background: #2FC0D7; } #utbx_69d6acd984cde:after { box-shadow: 0 0 0 4px #2FC0D7; } <\/style><div class=\"ut-highlight-icon-wrap ut-highlight-icon-effect\"><a id=\"utbx_69d6acd984cde\" data-id=\"utbx_69d6acd984cde\" data-hovercolor=\"#2FC0D7\"  data-effect=\"fadeInRight\" data-animateonce=\"yes\" data-delay=\"0\" class=\"ut-highlight-icon ut-animate-element animated ut-no-animation-tablet ut-no-animation-mobile fa fa-paper-plane-o\" href=\"#\" target=\"_blank\"><\/a><\/div><\/div><\/div>[vc_column_text]<\/p>\n<h4 style=\"text-align: center;\">ACCESO ILIMITADO POR 6 MESES<\/h4>\n<p>[\/vc_column_text][\/vc_column][\/vc_row][vc_row][vc_column width=\u00bb1\/6&#8243;][\/vc_column][vc_column width=\u00bb2\/3&#8243;][vc_column_text]<\/p>\n<p style=\"font-size: 16px; text-align: center;\">La desregulaci\u00f3n emocional es una caracter\u00edstica encontrada en pacientes con dificultad en el control de los impulsos, dificultad en el control de la ira, dependencia emocional en las relaciones de pareja , trastornos de ansiedad, trastorno l\u00edmite de la personalidad, depresi\u00f3n mayor y en pacientes bipolares.<\/p>\n<p>[\/vc_column_text]<div class=\"wpb_content_element \"><style type=\"text\/css\" scoped>#ut_header_69d6acd984d19.pt-style-2 .page-title:after, #ut_header_69d6acd984d19.pt-style-2 .parallax-title:after, #ut_header_69d6acd984d19.pt-style-2 .section-title:after {background-color:!important;height: ;width: ;}<\/style><header id=\"ut_header_69d6acd984d19\" class=\"section-header pt-style-2 header-center\"><h2  class=\"section-title \"><span><strong>Contenidos:<\/strong><\/span><\/h2><\/header><\/div>[vc_column_text]<\/p>\n<h3><strong>Clase 1.<\/strong> \u00bfQu\u00e9 es la desregulaci\u00f3n emocional? Caracter\u00edsticas. Origen.<\/h3>\n<hr \/>\n<h3><strong>Clase 2.<\/strong> Mindfulness. C\u00f3mo aplicarlo en la terapia individual. Aceptaci\u00f3n y Cambio.<\/h3>\n<hr \/>\n<h3><strong>Clase 3.<\/strong> Pensamiento dicot\u00f3mico. Estrategias dial\u00e9cticas. Sendero del Medio. \u00bfC\u00f3mo manejar las emociones? Reconocerlas y cambiarlas.<\/h3>\n<hr \/>\n<h3><strong>Clase 4.<\/strong> Desregulaci\u00f3n y relaciones interpersonales.<\/h3>\n<p>[\/vc_column_text]<style type=\"text\/css\" scoped>#bklyn_btn_69d6acd984d60 .bklyn-btn { border-radius:4px; background-color:#ffb800; }#bklyn_btn_69d6acd984d60 .bklyn-btn:hover{ color:#ffffff; background-color:#ff7200; }#bklyn_btn_69d6acd984d60 .bklyn-btn:focus{ color:#ffffff; background-color:#ff7200; }#bklyn_btn_69d6acd984d60 .bklyn-btn:active { color:#ffffff; background-color:#ff7200; }<\/style><div id=\"bklyn_btn_69d6acd984d60\" class=\"bklyn-btn-holder  bklyn-btn-center\"><a title=\"\"   href=\"#aranceles\" target=\"_self\" class=\"bklyn-btn  bklyn-btn-normal\" >INSCRIBITE AL CURSO<\/a><\/div><style type=\"text\/css\" scoped>#ut_custom_heading69d6acd984da3 { color:#000000; }#ut_custom_heading69d6acd984da3 a { color:#000000; }#ut_custom_heading69d6acd984da3 a:hover { color:#1e73be; }#ut_custom_heading69d6acd984da3 a:active { color:#1e73be; }#ut_custom_heading69d6acd984da3 a:focus { color:#1e73be; }#ut_custom_heading69d6acd984da3 { font-weight:bold; }#ut_custom_heading69d6acd984da3 { text-align:center; }<\/style><p id=\"ut_custom_heading69d6acd984da3\" class=\"ut-custom-heading-module  \" ><span><a title=\"\" href=\"https:\/\/ef3331e6.sibforms.com\/serve\/MUIFAApPkvXbzR3VIlGWpYcI_G5M33Ksy1IA7UXaCtIwK1LR0N6G2CHHZx3TIviX_DCPhbGUkfMvmeqrdTvQftupX4M03d7ctyLQINzrFp-CpVU3FphNZeBFecqNGWppvkT2fbPq95IptiqR7Y0v1yHJDGtDd1tZg7DD4tVkYrLB5tgY-ENYuxdH8m51Q7V1Ke8JVSzl9uAn8p0W\" target=\"_self\" >\ud83c\udf81 Regal\u00e1 este curso<\/a><\/span><\/p>[\/vc_column][vc_column width=\u00bb1\/6&#8243;][\/vc_column][\/vc_row][\/vc_section][vc_section css=\u00bb.vc_custom_1694205921675{background-color: #f4f4f4 !important;}\u00bb][vc_row][vc_column]<div class=\"wpb_content_element \"><style type=\"text\/css\" scoped>#ut_header_69d6acd984f27 h2 span { color:#000000; }#ut_header_69d6acd984f27 h2.section-title { font-size: 25px; }#ut_header_69d6acd984f27.pt-style-2 .page-title:after, #ut_header_69d6acd984f27.pt-style-2 .parallax-title:after, #ut_header_69d6acd984f27.pt-style-2 .section-title:after {background-color: #000000 !important;height: ;width: ;}<\/style><header id=\"ut_header_69d6acd984f27\" class=\"section-header pt-style-2 header-center\"><h2  class=\"section-title \"><span><strong>Modalidad del curso<\/strong><\/span><\/h2><\/header><\/div>[\/vc_column][\/vc_row][vc_row][vc_column width=\u00bb1\/3&#8243;]<div class=\"wpb_content_element \"><style type=\"text\/css\" scoped><\/style><div id=\"ut_sc_69d6acd984f5b\"  class=\"ut-horizontal-style-align-left  clearfix \" ><figure class=\"ut-service-icon ut-service-icon-medium ut-service-icon-normal \"><i style=\"color: #2FC0D7;\" class=\"fa fa fa-video-camera\"><\/i><\/figure><div class=\"ut-service-column ut-service-column-horiz\" ><h3>Clases videograbadas<\/h3><p>Visualiz\u00e1 las clases en cualquier momento del d\u00eda durante todo el curso.<\/p><\/div><\/div><\/div>[\/vc_column][vc_column width=\u00bb1\/3&#8243;]<div class=\"wpb_content_element \"><style type=\"text\/css\" scoped><\/style><div id=\"ut_sc_69d6acd984f8f\"  class=\"ut-horizontal-style-align-left  clearfix \" ><figure class=\"ut-service-icon ut-service-icon-medium ut-service-icon-normal \"><i style=\"color: #2FC0D7;\" class=\"fa fa fa-certificate\"><\/i><\/figure><div class=\"ut-service-column ut-service-column-horiz\" ><h3>Examen final y Certificado<\/h3><p>Al finalizar el curso tendr\u00e1s la posibilidad de rendir un examen final y un certificado de participaci\u00f3n a tu nombre.<\/p><\/div><\/div><\/div>[\/vc_column][vc_column width=\u00bb1\/3&#8243;]<div class=\"wpb_content_element \"><style type=\"text\/css\" scoped><\/style><div id=\"ut_sc_69d6acd984fb5\"  class=\"ut-horizontal-style-align-left  clearfix \" ><figure class=\"ut-service-icon ut-service-icon-medium ut-service-icon-normal \"><i style=\"color: #2FC0D7;\" class=\"fa fa fa-question-circle\"><\/i><\/figure><div class=\"ut-service-column ut-service-column-horiz\" ><h3>Mesa de ayuda<\/h3><p>Cont\u00e1 con apoyo t\u00e9cnico permanente a lo largo de toda la cursada.<\/p><\/div><\/div><\/div>[\/vc_column][\/vc_row][\/vc_section][vc_section][vc_row][vc_column]<div class=\"wpb_content_element \"><style type=\"text\/css\" scoped>#ut_header_69d6acd984fdf.pt-style-2 .page-title:after, #ut_header_69d6acd984fdf.pt-style-2 .parallax-title:after, #ut_header_69d6acd984fdf.pt-style-2 .section-title:after {background-color:!important;height: ;width: ;}<\/style><header id=\"ut_header_69d6acd984fdf\" class=\"section-header pt-style-2 header-center\"><h2  class=\"section-title \"><span><strong>Docentes:<\/strong><\/span><\/h2><\/header><\/div>[\/vc_column][\/vc_row][vc_row][vc_column width=\u00bb1\/2&#8243;]<div class=\"wpb_content_element   clearfix\">            \r\n            <script type=\"text\/javascript\">\r\n                \r\n                (function($){\r\n                    \r\n                    $(document).ready(function(){\r\n                        \r\n                                                                        \r\n                        function get_animated_objects( $all_appeared_elements, effect ) {\r\n                            \r\n                            var counter = 0;\r\n                            \r\n                            $all_appeared_elements.each(function(){\r\n                                        \r\n                                if( $(this).hasClass(effect) ) {\r\n\r\n                                    counter++;\r\n\r\n                                }\r\n\r\n                            });\r\n                            \r\n                            return counter;\r\n                            \r\n                        }\r\n                        \r\n                          \r\n                    });\r\n                        \r\n                })(jQuery);\r\n            \r\n            <\/script>\r\n            \r\n            <style type=\"text\/css\" scoped>#ut_ig_69d6acd985018 .ut-lazy:not(.ut-image-loaded) + .ut-video-module-loading { display:block; }#ut_ig_69d6acd985018 .ut-lazy.ut-image-loaded + .ut-video-module-loading { display:none; }<\/style><div id=\"ut_ig_69d6acd985018\" class=\"ut-image-gallery  clearfix\"><div  data-count=\"1\" class=\"ut-image-gallery-item ut-animation-done grid-100 tablet-grid-100 mobile-grid-100 \"><a  class=\"ut-vc-images-lightbox\"  data-exthumbimage=\"https:\/\/cpp.com.ar\/formacion\/wp-content\/uploads\/sites\/3\/2023\/09\/fernanda-150x150.jpg\" href=\"https:\/\/cpp.com.ar\/formacion\/wp-content\/uploads\/sites\/3\/2023\/09\/fernanda.jpg\"><div class=\"ut-image-gallery-image\"><img  class=\"\" src=\"https:\/\/cpp.com.ar\/formacion\/wp-content\/uploads\/sites\/3\/2023\/09\/fernanda.jpg\" width=\"100\" height=\"100\"><\/div><\/a><\/div><div class=\"clear\"><\/div><\/div><\/div>[vc_column_text]<\/p>\n<h3 style=\"text-align: center;\">Lic.\u00a0<strong>Fernanda Neme<\/strong><\/h3>\n<p style=\"text-align: center;\">Psic\u00f3loga (UBA). Posgrado en Terapias Breves y focalizadas (FIGB). Ex miembro del equipo de psicopatolog\u00eda del Hospital Errill. Ex miembro del equipo asistencial FIGB. Posgrado en Trastornos de Ansiedad (AATA). Formaci\u00f3n en Mindfulness. Especializaci\u00f3n y docencia en cuidados paliativos. Formaci\u00f3n en Terapia Dial\u00e9ctico Comportamental (DBT) Fundaci\u00f3n FORO. Miembro del equipo de Terapia Dial\u00e9ctico Conductual (DBT), Centro Privado de Psicoterapias. Docente en DBT.<\/p>\n<p>[\/vc_column_text][\/vc_column][vc_column width=\u00bb1\/2&#8243;]<div class=\"wpb_content_element   clearfix\">            \r\n            <script type=\"text\/javascript\">\r\n                \r\n                (function($){\r\n                    \r\n                    $(document).ready(function(){\r\n                        \r\n                                                                        \r\n                        function get_animated_objects( $all_appeared_elements, effect ) {\r\n                            \r\n                            var counter = 0;\r\n                            \r\n                            $all_appeared_elements.each(function(){\r\n                                        \r\n                                if( $(this).hasClass(effect) ) {\r\n\r\n                                    counter++;\r\n\r\n                                }\r\n\r\n                            });\r\n                            \r\n                            return counter;\r\n                            \r\n                        }\r\n                        \r\n                          \r\n                    });\r\n                        \r\n                })(jQuery);\r\n            \r\n            <\/script>\r\n            \r\n            <style type=\"text\/css\" scoped>#ut_ig_69d6acd985fa8 .ut-lazy:not(.ut-image-loaded) + .ut-video-module-loading { display:block; }#ut_ig_69d6acd985fa8 .ut-lazy.ut-image-loaded + .ut-video-module-loading { display:none; }<\/style><div id=\"ut_ig_69d6acd985fa8\" class=\"ut-image-gallery  clearfix\"><div  data-count=\"1\" class=\"ut-image-gallery-item ut-animation-done grid-100 tablet-grid-100 mobile-grid-100 \"><a  class=\"ut-vc-images-lightbox\"  data-exthumbimage=\"https:\/\/cpp.com.ar\/formacion\/wp-content\/uploads\/sites\/3\/2023\/09\/barbara-150x150.jpg\" href=\"https:\/\/cpp.com.ar\/formacion\/wp-content\/uploads\/sites\/3\/2023\/09\/barbara.jpg\"><div class=\"ut-image-gallery-image\"><img  class=\"\" src=\"https:\/\/cpp.com.ar\/formacion\/wp-content\/uploads\/sites\/3\/2023\/09\/barbara.jpg\" width=\"100\" height=\"100\"><\/div><\/a><\/div><div class=\"clear\"><\/div><\/div><\/div>[vc_column_text]<\/p>\n<h3 style=\"text-align: center;\">Lic.\u00a0<strong>B\u00e1rbara Demattei<\/strong><\/h3>\n<p style=\"text-align: center;\">Psic\u00f3loga (UBA). Ex integrante del Equipo de Crisis del Hospital Central de San Isidro \u201cDr. Melchor Posse\u201d. Posgrado en Terapia Sist\u00e9mica (Hospital Central de San Isidro). Especialista en el tratamiento de Trastorno L\u00edmite de Personalidad. Especialista en Sexolog\u00eda. Formaci\u00f3n en Mindfulness. Miembro del equipo de Terapia Dial\u00e9ctico Conductual (DBT), Centro Privado de Psicoterapias. Docente en DBT.<\/p>\n<p>[\/vc_column_text][\/vc_column][\/vc_row][\/vc_section][vc_section bklyn_section_anchor_id=\u00bbinscripciones\u00bb css=\u00bb.vc_custom_1631657299395{background-color: #efefef !important;}\u00bb][vc_row el_id=\u00bbaranceles\u00bb][vc_column]<div class=\"wpb_content_element \"><style type=\"text\/css\" scoped>#ut_header_69d6acd986685.pt-style-2 .page-title:after, #ut_header_69d6acd986685.pt-style-2 .parallax-title:after, #ut_header_69d6acd986685.pt-style-2 .section-title:after {background-color:!important;height: ;width: ;}<\/style><header id=\"ut_header_69d6acd986685\" class=\"section-header pt-style-2 header-center\"><h2  class=\"section-title \"><span><strong>Aranceles:<\/strong><\/span><\/h2><\/header><\/div>[\/vc_column][\/vc_row][vc_row][vc_column width=\u00bb1\/4&#8243;][\/vc_column][vc_column width=\u00bb1\/4&#8243;][vc_column_text]<\/p>\n<p style=\"text-align: center;\">Si resid\u00eds en Argentina, el curso tiene un costo de:<\/p>\n<h2 style=\"text-align: center;\">67.000.- Arg<\/h2>\n<p>[\/vc_column_text][\/vc_column][vc_column width=\u00bb1\/4&#8243;][vc_column_text]<\/p>\n<p style=\"text-align: center;\">Si resid\u00eds fuera de Argentina, el curso tiene un costo de:<\/p>\n<h2 style=\"text-align: center;\">70 USD<\/h2>\n<p>[\/vc_column_text][\/vc_column][vc_column width=\u00bb1\/4&#8243;][\/vc_column][\/vc_row][vc_row][vc_column]<style type=\"text\/css\" scoped>#bklyn_btn_69d6acd9866d2 .bklyn-btn { border-radius:4px; background-color:#ffb800; }#bklyn_btn_69d6acd9866d2 .bklyn-btn:hover{ color:#ffffff; background-color:#ff7200; }#bklyn_btn_69d6acd9866d2 .bklyn-btn:focus{ color:#ffffff; background-color:#ff7200; }#bklyn_btn_69d6acd9866d2 .bklyn-btn:active { color:#ffffff; background-color:#ff7200; }<\/style><div id=\"bklyn_btn_69d6acd9866d2\" class=\"bklyn-btn-holder  bklyn-btn-center\"><a title=\"\"   href=\"https:\/\/ef3331e6.sibforms.com\/serve\/MUIFAO7mr1zTzGk0pcyO3esCOGPn-CaVHNb5QlG_k4QKs7hyUbYTZ9vbuvj5H0GqwNuYhjP0hxDvpQDSZMRqYpAVRP9NsKT80VrI1Fu8GI78UxrEeoIj8ZKsr418cgpTXBpE4oDNg4_dUr-x9juqUTEYJR_OV-FXnAaRtVAkCxQkLfzj0maxi6v431BnlgJT9AzBmVvCENBTgYgz\" target=\"_self\" class=\"bklyn-btn  bklyn-btn-normal\" >QUIERO INSCRIBIRME<\/a><\/div><style type=\"text\/css\" scoped>#ut_custom_heading69d6acd98671f { color:#000000; }#ut_custom_heading69d6acd98671f a { color:#000000; }#ut_custom_heading69d6acd98671f a:hover { color:#1e73be; }#ut_custom_heading69d6acd98671f a:active { color:#1e73be; }#ut_custom_heading69d6acd98671f a:focus { color:#1e73be; }#ut_custom_heading69d6acd98671f { font-weight:bold; }#ut_custom_heading69d6acd98671f { text-align:center; }<\/style><p id=\"ut_custom_heading69d6acd98671f\" class=\"ut-custom-heading-module  \" ><span><a title=\"\" href=\"https:\/\/ef3331e6.sibforms.com\/serve\/MUIFAApPkvXbzR3VIlGWpYcI_G5M33Ksy1IA7UXaCtIwK1LR0N6G2CHHZx3TIviX_DCPhbGUkfMvmeqrdTvQftupX4M03d7ctyLQINzrFp-CpVU3FphNZeBFecqNGWppvkT2fbPq95IptiqR7Y0v1yHJDGtDd1tZg7DD4tVkYrLB5tgY-ENYuxdH8m51Q7V1Ke8JVSzl9uAn8p0W\" target=\"_self\" >\ud83c\udf81 Regal\u00e1 este curso<\/a><\/span><\/p>[\/vc_column][\/vc_row][\/vc_section][vc_section][vc_row][vc_column width=\u00bb1\/6&#8243;][\/vc_column][vc_column width=\u00bb2\/3&#8243;]<style type=\"text\/css\" scoped>#ut_custom_heading69d6acd986752 { font-size:25px; }#ut_custom_heading69d6acd986752 { font-weight:bold; }#ut_custom_heading69d6acd986752 { text-align:center; }<\/style><h2 id=\"ut_custom_heading69d6acd986752\" class=\"ut-custom-heading-module  \" ><span>\u00bfTen\u00e9s dudas?<\/span><\/h2><style type=\"text\/css\" scoped>#ut_custom_heading69d6acd98676c { font-size:20px; }#ut_custom_heading69d6acd98676c { font-weight:normal; }#ut_custom_heading69d6acd98676c { text-align:center; }<\/style><h2 id=\"ut_custom_heading69d6acd98676c\" class=\"ut-custom-heading-module  \" ><span>Complet\u00e1 el siguiente formulario y te enviaremos m\u00e1s informaci\u00f3n<\/span><\/h2><div class=\"wpb_content_element \"><iframe loading=\"lazy\" style=\"display: block; margin-left: auto; margin-right: auto; max-width: 100%;\" src=\"https:\/\/ef3331e6.sibforms.com\/serve\/MUIFAIYMVRNilGbg0vlmICKN4eP4BSswqL8YVgg_myfQ1cepdoenS8XIUkcf7A-NHQrE0MsjKtJDSfllKYmwJzYb3h21mvf1Zf3NpvHgOWPRe5jULv1HtilUkZwKH0Hub5YuG9lotFuEDnmHHojezBK7489EJg9wwd1gOUqCgIswTuqjE3gONHshu4k4qtVjzIUmyYxxfs_CWH9z\" width=\"540\" height=\"705\" frameborder=\"0\" scrolling=\"auto\" allowfullscreen=\"allowfullscreen\"><\/iframe><\/div>[\/vc_column][vc_column width=\u00bb1\/6&#8243;][\/vc_column][\/vc_row][\/vc_section]<\/p>\n<\/section>","protected":false},"excerpt":{"rendered":"<p>[vc_section css=\u00bb.vc_custom_1531359830548{border-bottom-width: 1px !important;}\u00bb][vc_row][vc_column width=\u00bb1\/4&#8243;][\/vc_column][vc_column width=\u00bb3\/4&#8243;][\/vc_column][\/vc_row][\/vc_section][vc_section][vc_row css=\u00bb.vc_custom_1631656872192{background-color: #efefef !important;}\u00bb][vc_column width=\u00bb1\/3&#8243;][vc_column_text] \u00a1Anotate ahora! Pod\u00e9s cursar cuando quieras [\/vc_column_text][\/vc_column][vc_column width=\u00bb1\/3&#8243;][vc_column_text] Dirigido a: Profesionales de la Salud Mental y estudiantes avanzados [\/vc_column_text][\/vc_column][vc_column width=\u00bb1\/3&#8243;][vc_column_text] ACCESO ILIMITADO POR 6 MESES [\/vc_column_text][\/vc_column][\/vc_row][vc_row][vc_column width=\u00bb1\/6&#8243;][\/vc_column][vc_column width=\u00bb2\/3&#8243;][vc_column_text] La desregulaci\u00f3n emocional es una caracter\u00edstica encontrada en pacientes con dificultad en el control de los impulsos, [&hellip;]<\/p>\n","protected":false},"author":1,"featured_media":8080,"parent":0,"menu_order":0,"comment_status":"closed","ping_status":"closed","template":"","meta":{"footnotes":""},"acf":[],"_links":{"self":[{"href":"https:\/\/cpp.com.ar\/formacion\/wp-json\/wp\/v2\/pages\/8079"}],"collection":[{"href":"https:\/\/cpp.com.ar\/formacion\/wp-json\/wp\/v2\/pages"}],"about":[{"href":"https:\/\/cpp.com.ar\/formacion\/wp-json\/wp\/v2\/types\/page"}],"author":[{"embeddable":true,"href":"https:\/\/cpp.com.ar\/formacion\/wp-json\/wp\/v2\/users\/1"}],"replies":[{"embeddable":true,"href":"https:\/\/cpp.com.ar\/formacion\/wp-json\/wp\/v2\/comments?post=8079"}],"version-history":[{"count":30,"href":"https:\/\/cpp.com.ar\/formacion\/wp-json\/wp\/v2\/pages\/8079\/revisions"}],"predecessor-version":[{"id":9834,"href":"https:\/\/cpp.com.ar\/formacion\/wp-json\/wp\/v2\/pages\/8079\/revisions\/9834"}],"wp:featuredmedia":[{"embeddable":true,"href":"https:\/\/cpp.com.ar\/formacion\/wp-json\/wp\/v2\/media\/8080"}],"wp:attachment":[{"href":"https:\/\/cpp.com.ar\/formacion\/wp-json\/wp\/v2\/media?parent=8079"}],"curies":[{"name":"wp","href":"https:\/\/api.w.org\/{rel}","templated":true}]}}