{"id":371,"date":"2018-07-10T12:18:31","date_gmt":"2018-07-10T15:18:31","guid":{"rendered":"http:\/\/cpp.com.ar\/formacion\/?page_id=371"},"modified":"2020-11-06T12:42:04","modified_gmt":"2020-11-06T15:42:04","slug":"arte-y-oficio","status":"publish","type":"page","link":"https:\/\/cpp.com.ar\/formacion\/arte-y-oficio\/","title":{"rendered":"Arte y oficio del psicoterapeuta"},"content":{"rendered":"<section class=\"wpb-content-wrapper\"><p>[vc_section][vc_row][vc_column][vc_column_text]<\/p>\n<h2 style=\"text-align: center;\">Estrategias para su autodesarrollo y cuidado<\/h2>\n<p style=\"text-align: center;\"><strong>Autor:<\/strong>\u00a0Pablo F. Hirsch<\/p>\n<p>[\/vc_column_text][\/vc_column][\/vc_row][\/vc_section][vc_section][vc_row][vc_column width=\u00bb1\/3&#8243;]<div data-effect=\"fadeInDown\" data-animateonce=\"yes\" data-delay=\"0\" class=\"wpb_content_element ut-animate-image animated ut-no-animation-tablet ut-no-animation-mobile  clearfix\"><style type=\"text\/css\" scoped>#ut_am_69f4db8d3573a { opacity: 1; }<\/style><div id=\"ut_am_wrap_69f4db8d3573c\" class=\"ut-image-gallery-image \" style=\"text-align:left;\"><div class=\"ut-animated-image-item ut-image-gallery-item ut-animation-done\"><a class=\"ut-deactivated-link\" href=\"#\"><img title=\"Arte y oficio\" id=\"ut_am_69f4db8d3573a\" style=\"\" src=\"https:\/\/cpp.com.ar\/formacion\/wp-content\/uploads\/sites\/3\/2018\/07\/arte-y-oficio.jpg\" width=\"300\" height=\"363\" alt=\"Arte y oficio\"\/><\/a><\/div><\/div><\/div>[\/vc_column][vc_column width=\u00bb2\/3&#8243;][vc_empty_space][vc_column_text css_animation=\u00bbfadeIn\u00bb]<\/p>\n<div class=\"sixteen columns mt30\">\n<div class=\"gdl-page-content\">\n<p>El eje del libro es brindar al lector una serie de ideas, ejercicios y propuestas que lo ayuden en la b\u00fasqueda de un equilibrio entre su vida personal y profesional.<\/p>\n<p>Fue redactado teniendo en cuenta las necesidades de psic\u00f3logos y psiquiatras que se inician, como tambi\u00e9n las de aquellos con amplia experiencia y que quieren reflexionar sobre su pr\u00e1ctica.<\/p>\n<p>La vocaci\u00f3n y las habilidades t\u00e9cnicas no siempre son suficientes para desarrollarse profesionalmente y experimentar bienestar con la propia labor. Es fundamental incorporar adem\u00e1s nuevas competencias para entender y manejar el contexto m\u00e1s amplio en el que la profesi\u00f3n se desarrolla y sumar herramientas de gesti\u00f3n personal y profesional.<\/p>\n<\/div>\n<\/div>\n<p>[\/vc_column_text][\/vc_column][\/vc_row][vc_row][vc_column]<style type=\"text\/css\" scoped><\/style><div id=\"bklyn_btn_69f4db8d357ba\" class=\"bklyn-btn-holder  bklyn-btn-center\"><a title=\"\"   href=\"https:\/\/www.amazon.com\/-\/es\/Pablo-Hirsch-ebook\/dp\/B00CDSXJKU\/ref=sr_1_1?__mk_es_US=%C3%85M%C3%85%C5%BD%C3%95%C3%91&#038;dchild=1&#038;keywords=arte+y+oficio+del+terapeuta&#038;s=books&#038;sr=1-1\" target=\"_self\" class=\"bklyn-btn  bklyn-btn-normal\" >COMPR\u00c1 EL LIBRO EN AMAZON<\/a><\/div>[vc_column_text]<strong>Opiniones de terapeutas<\/strong><\/p>\n<p>\u201c<em>Mientras avanzaba en la lectura, cada vez sent\u00eda m\u00e1s que este libro iba a significar un cambio radical en mi forma de considerar la profesi\u00f3n. Me hubiese encantado poder tener un libro as\u00ed al principio de mi carrera. Me parece un texto fundamental para cualquier persona que ejerza la profesi\u00f3n de psicoterapeuta<\/em>\u201d, Mart\u00edn Balb\u00edn.<\/p>\n<p><em>\u201cLo le\u00ed a conciencia y me fui revisando y proyectando como terapeuta en cuanto a cuidados y decisiones. Me llevo un mont\u00f3n de estrategias y consejos pr\u00e1cticos para organizar y mejorar mi trabajo. Leerlo me result\u00f3 una experiencia muy enriquecedora a nivel personal y profesional\u201d<\/em>, Rodrigo Pintos.[\/vc_column_text][\/vc_column][\/vc_row][\/vc_section][vc_section][vc_row][vc_column][ut_title_divider_2 divider=\u00bbbklyn-divider-style-8&#8243;][\/ut_title_divider_2][\/vc_column][\/vc_row][vc_row][vc_column width=\u00bb1\/6&#8243;][vc_empty_space]<style type=\"text\/css\" scoped>#bklyn_btn_69f4db8d35827 .bklyn-btn { color:#0a0a0a; border-color:#000000; border-width:2px; border-radius:27px; }#bklyn_btn_69f4db8d35827 .bklyn-btn:hover{ color:#00cdb5; border-color:#00cdb5; }#bklyn_btn_69f4db8d35827 .bklyn-btn:focus{ color:#00cdb5; border-color:#00cdb5; }#bklyn_btn_69f4db8d35827 .bklyn-btn:active { color:#00cdb5; border-color:#00cdb5; }<\/style><div id=\"bklyn_btn_69f4db8d35827\" class=\"bklyn-btn-holder  bklyn-btn-center\"><a title=\"\"   href=\"http:\/\/cpp.com.ar\/formacion\/libros\/\" target=\"_self\" class=\"bklyn-btn bklyn-btn-outline bklyn-btn-normal\" >M\u00e1s Libros<\/a><\/div>[\/vc_column][vc_column width=\u00bb1\/6&#8243;]<div data-effect=\"fadeInLeft\" data-animateonce=\"yes\" data-delay=\"0\" class=\"wpb_content_element ut-animate-image animated ut-no-animation-tablet ut-no-animation-mobile  clearfix\"><style type=\"text\/css\" scoped>#ut_am_69f4db8d35b54 { opacity: 1; }<\/style><div id=\"ut_am_wrap_69f4db8d35b55\" class=\"ut-image-gallery-image \" style=\"text-align:center;\"><div class=\"ut-animated-image-item ut-image-gallery-item ut-animation-done\"><a target=\"_self\" href=\"http:\/\/cpp.com.ar\/formacion\/como-equivocarse-menos\/\" ><img title=\"Como equivocarse menos2\" id=\"ut_am_69f4db8d35b54\" style=\"\" src=\"https:\/\/cpp.com.ar\/formacion\/wp-content\/uploads\/sites\/3\/2018\/07\/como-equivocarse-menos2.jpg\" width=\"300\" height=\"363\" alt=\"Como equivocarse menos\"\/><div class=\"ut-image-gallery-image-caption\"><div class=\"ut-image-gallery-item-caption-title\"><h3 class=\"ut-image-gallery-empty-title\">+<\/h3><\/div><\/div><\/a><\/div><\/div><\/div>[\/vc_column][vc_column width=\u00bb1\/6&#8243;]<div data-effect=\"fadeInLeft\" data-animateonce=\"yes\" data-delay=\"0\" class=\"wpb_content_element ut-animate-image animated ut-no-animation-tablet ut-no-animation-mobile  clearfix\"><style type=\"text\/css\" scoped>#ut_am_69f4db8d35ec1 { opacity: 1; }<\/style><div id=\"ut_am_wrap_69f4db8d35ec2\" class=\"ut-image-gallery-image \" style=\"text-align:left;\"><div class=\"ut-animated-image-item ut-image-gallery-item ut-animation-done\"><a target=\"_self\" href=\"http:\/\/cpp.com.ar\/formacion\/reconstruir-una-relacion\/\" ><img title=\"Como reconstruir\" id=\"ut_am_69f4db8d35ec1\" style=\"\" src=\"https:\/\/cpp.com.ar\/formacion\/wp-content\/uploads\/sites\/3\/2018\/07\/como-reconstruir.jpg\" width=\"300\" height=\"363\" alt=\"Como reconstruir una relacion\"\/><div class=\"ut-image-gallery-image-caption\"><div class=\"ut-image-gallery-item-caption-title\"><h3 class=\"ut-image-gallery-empty-title\">+<\/h3><\/div><\/div><\/a><\/div><\/div><\/div>[\/vc_column][vc_column width=\u00bb1\/6&#8243;]<div data-effect=\"fadeInLeft\" data-animateonce=\"yes\" data-delay=\"0\" class=\"wpb_content_element ut-animate-image animated ut-no-animation-tablet ut-no-animation-mobile  clearfix\"><style type=\"text\/css\" scoped>#ut_am_69f4db8d3623e { opacity: 1; }<\/style><div id=\"ut_am_wrap_69f4db8d3623f\" class=\"ut-image-gallery-image \" style=\"text-align:left;\"><div class=\"ut-animated-image-item ut-image-gallery-item ut-animation-done\"><a target=\"_self\" href=\"http:\/\/cpp.com.ar\/formacion\/estrategias-psicoterapeuticas-institucionales\/\" ><img title=\"estrategias\" id=\"ut_am_69f4db8d3623e\" style=\"\" src=\"https:\/\/cpp.com.ar\/formacion\/wp-content\/uploads\/sites\/3\/2018\/07\/estrategias.jpg\" width=\"300\" height=\"363\" alt=\"estrategias\"\/><div class=\"ut-image-gallery-image-caption\"><div class=\"ut-image-gallery-item-caption-title\"><h3 class=\"ut-image-gallery-empty-title\">+<\/h3><\/div><\/div><\/a><\/div><\/div><\/div>[\/vc_column][vc_column width=\u00bb1\/6&#8243;]<div data-effect=\"fadeInLeft\" data-animateonce=\"yes\" data-delay=\"0\" class=\"wpb_content_element ut-animate-image animated ut-no-animation-tablet ut-no-animation-mobile  clearfix\"><style type=\"text\/css\" scoped>#ut_am_69f4db8d365d8 { opacity: 1; }<\/style><div id=\"ut_am_wrap_69f4db8d365d9\" class=\"ut-image-gallery-image \" style=\"text-align:left;\"><div class=\"ut-animated-image-item ut-image-gallery-item ut-animation-done\"><a target=\"_self\" href=\"http:\/\/cpp.com.ar\/formacion\/que-y-como\/\" ><img title=\"que-y-como\" id=\"ut_am_69f4db8d365d8\" style=\"\" src=\"https:\/\/cpp.com.ar\/formacion\/wp-content\/uploads\/sites\/3\/2020\/11\/que-y-como.jpg\" width=\"300\" height=\"361\" alt=\"\"\/><div class=\"ut-image-gallery-image-caption\"><div class=\"ut-image-gallery-item-caption-title\"><h3 class=\"ut-image-gallery-empty-title\">+<\/h3><\/div><\/div><\/a><\/div><\/div><\/div>[\/vc_column][vc_column width=\u00bb1\/6&#8243;]<div data-effect=\"fadeInLeft\" data-animateonce=\"yes\" data-delay=\"0\" class=\"wpb_content_element ut-animate-image animated ut-no-animation-tablet ut-no-animation-mobile  clearfix\"><style type=\"text\/css\" scoped>#ut_am_69f4db8d36956 { opacity: 1; }<\/style><div id=\"ut_am_wrap_69f4db8d36957\" class=\"ut-image-gallery-image \" style=\"text-align:left;\"><div class=\"ut-animated-image-item ut-image-gallery-item ut-animation-done\"><a target=\"_self\" href=\"http:\/\/cpp.com.ar\/formacion\/inteligencia-para-el-bienestar\/\" ><img title=\"Inteligencia\" id=\"ut_am_69f4db8d36956\" style=\"\" src=\"https:\/\/cpp.com.ar\/formacion\/wp-content\/uploads\/sites\/3\/2018\/07\/inteligencia.jpg\" width=\"300\" height=\"362\" alt=\"Inteligencia para el bienestar\"\/><div class=\"ut-image-gallery-image-caption\"><div class=\"ut-image-gallery-item-caption-title\"><h3 class=\"ut-image-gallery-empty-title\">+<\/h3><\/div><\/div><\/a><\/div><\/div><\/div>[\/vc_column][\/vc_row][\/vc_section]<\/p>\n<\/section>","protected":false},"excerpt":{"rendered":"<p>[vc_section][vc_row][vc_column][vc_column_text] Estrategias para su autodesarrollo y cuidado Autor:\u00a0Pablo F. Hirsch [\/vc_column_text][\/vc_column][\/vc_row][\/vc_section][vc_section][vc_row][vc_column width=\u00bb1\/3&#8243;][\/vc_column][vc_column width=\u00bb2\/3&#8243;][vc_empty_space][vc_column_text css_animation=\u00bbfadeIn\u00bb] El eje del libro es brindar al lector una serie de ideas, ejercicios y propuestas que lo ayuden en la b\u00fasqueda de un equilibrio entre su vida personal y profesional. Fue redactado teniendo en cuenta las necesidades de psic\u00f3logos y psiquiatras [&hellip;]<\/p>\n","protected":false},"author":1,"featured_media":0,"parent":0,"menu_order":0,"comment_status":"closed","ping_status":"closed","template":"","meta":{"footnotes":""},"acf":[],"_links":{"self":[{"href":"https:\/\/cpp.com.ar\/formacion\/wp-json\/wp\/v2\/pages\/371"}],"collection":[{"href":"https:\/\/cpp.com.ar\/formacion\/wp-json\/wp\/v2\/pages"}],"about":[{"href":"https:\/\/cpp.com.ar\/formacion\/wp-json\/wp\/v2\/types\/page"}],"author":[{"embeddable":true,"href":"https:\/\/cpp.com.ar\/formacion\/wp-json\/wp\/v2\/users\/1"}],"replies":[{"embeddable":true,"href":"https:\/\/cpp.com.ar\/formacion\/wp-json\/wp\/v2\/comments?post=371"}],"version-history":[{"count":7,"href":"https:\/\/cpp.com.ar\/formacion\/wp-json\/wp\/v2\/pages\/371\/revisions"}],"predecessor-version":[{"id":6389,"href":"https:\/\/cpp.com.ar\/formacion\/wp-json\/wp\/v2\/pages\/371\/revisions\/6389"}],"wp:attachment":[{"href":"https:\/\/cpp.com.ar\/formacion\/wp-json\/wp\/v2\/media?parent=371"}],"curies":[{"name":"wp","href":"https:\/\/api.w.org\/{rel}","templated":true}]}}

<section class="wpb-content-wrapper"><p>[vc_section][vc_row][vc_column][vc_column_text]</p>
<h2 style="text-align: center;">Estrategias para su autodesarrollo y cuidado</h2>
<p style="text-align: center;"><strong>Autor:</strong> Pablo F. Hirsch</p>
<p>[/vc_column_text][/vc_column][/vc_row][/vc_section][vc_section][vc_row][vc_column width=»1/3&#8243;]<div data-effect="fadeInDown" data-animateonce="yes" data-delay="0" class="wpb_content_element ut-animate-image animated ut-no-animation-tablet ut-no-animation-mobile  clearfix"><style type="text/css" scoped>#ut_am_69f4db8d3573a { opacity: 1; }</style><div id="ut_am_wrap_69f4db8d3573c" class="ut-image-gallery-image " style="text-align:left;"><div class="ut-animated-image-item ut-image-gallery-item ut-animation-done"><a class="ut-deactivated-link" href="#"><img title="Arte y oficio" id="ut_am_69f4db8d3573a" style="" src="https://cpp.com.ar/formacion/wp-content/uploads/sites/3/2018/07/arte-y-oficio.jpg" width="300" height="363" alt="Arte y oficio"/></a></div></div></div>[/vc_column][vc_column width=»2/3&#8243;][vc_empty_space][vc_column_text css_animation=»fadeIn»]</p>
<div class="sixteen columns mt30">
<div class="gdl-page-content">
<p>El eje del libro es brindar al lector una serie de ideas, ejercicios y propuestas que lo ayuden en la búsqueda de un equilibrio entre su vida personal y profesional.</p>
<p>Fue redactado teniendo en cuenta las necesidades de psicólogos y psiquiatras que se inician, como también las de aquellos con amplia experiencia y que quieren reflexionar sobre su práctica.</p>
<p>La vocación y las habilidades técnicas no siempre son suficientes para desarrollarse profesionalmente y experimentar bienestar con la propia labor. Es fundamental incorporar además nuevas competencias para entender y manejar el contexto más amplio en el que la profesión se desarrolla y sumar herramientas de gestión personal y profesional.</p>
</div>
</div>
<p>[/vc_column_text][/vc_column][/vc_row][vc_row][vc_column]<style type="text/css" scoped></style><div id="bklyn_btn_69f4db8d357ba" class="bklyn-btn-holder  bklyn-btn-center"><a title=""   href="https://www.amazon.com/-/es/Pablo-Hirsch-ebook/dp/B00CDSXJKU/ref=sr_1_1?__mk_es_US=%C3%85M%C3%85%C5%BD%C3%95%C3%91&#038;dchild=1&#038;keywords=arte+y+oficio+del+terapeuta&#038;s=books&#038;sr=1-1" target="_self" class="bklyn-btn  bklyn-btn-normal" >COMPRÁ EL LIBRO EN AMAZON</a></div>[vc_column_text]<strong>Opiniones de terapeutas</strong></p>
<p>“<em>Mientras avanzaba en la lectura, cada vez sentía más que este libro iba a significar un cambio radical en mi forma de considerar la profesión. Me hubiese encantado poder tener un libro así al principio de mi carrera. Me parece un texto fundamental para cualquier persona que ejerza la profesión de psicoterapeuta</em>”, Martín Balbín.</p>
<p><em>“Lo leí a conciencia y me fui revisando y proyectando como terapeuta en cuanto a cuidados y decisiones. Me llevo un montón de estrategias y consejos prácticos para organizar y mejorar mi trabajo. Leerlo me resultó una experiencia muy enriquecedora a nivel personal y profesional”</em>, Rodrigo Pintos.[/vc_column_text][/vc_column][/vc_row][/vc_section][vc_section][vc_row][vc_column][ut_title_divider_2 divider=»bklyn-divider-style-8&#8243;][/ut_title_divider_2][/vc_column][/vc_row][vc_row][vc_column width=»1/6&#8243;][vc_empty_space]<style type="text/css" scoped>#bklyn_btn_69f4db8d35827 .bklyn-btn { color:#0a0a0a; border-color:#000000; border-width:2px; border-radius:27px; }#bklyn_btn_69f4db8d35827 .bklyn-btn:hover{ color:#00cdb5; border-color:#00cdb5; }#bklyn_btn_69f4db8d35827 .bklyn-btn:focus{ color:#00cdb5; border-color:#00cdb5; }#bklyn_btn_69f4db8d35827 .bklyn-btn:active { color:#00cdb5; border-color:#00cdb5; }</style><div id="bklyn_btn_69f4db8d35827" class="bklyn-btn-holder  bklyn-btn-center"><a title=""   href="http://cpp.com.ar/formacion/libros/" target="_self" class="bklyn-btn bklyn-btn-outline bklyn-btn-normal" >Más Libros</a></div>[/vc_column][vc_column width=»1/6&#8243;]<div data-effect="fadeInLeft" data-animateonce="yes" data-delay="0" class="wpb_content_element ut-animate-image animated ut-no-animation-tablet ut-no-animation-mobile  clearfix"><style type="text/css" scoped>#ut_am_69f4db8d35b54 { opacity: 1; }</style><div id="ut_am_wrap_69f4db8d35b55" class="ut-image-gallery-image " style="text-align:center;"><div class="ut-animated-image-item ut-image-gallery-item ut-animation-done"><a target="_self" href="http://cpp.com.ar/formacion/como-equivocarse-menos/" ><img title="Como equivocarse menos2" id="ut_am_69f4db8d35b54" style="" src="https://cpp.com.ar/formacion/wp-content/uploads/sites/3/2018/07/como-equivocarse-menos2.jpg" width="300" height="363" alt="Como equivocarse menos"/><div class="ut-image-gallery-image-caption"><div class="ut-image-gallery-item-caption-title"><h3 class="ut-image-gallery-empty-title">+</h3></div></div></a></div></div></div>[/vc_column][vc_column width=»1/6&#8243;]<div data-effect="fadeInLeft" data-animateonce="yes" data-delay="0" class="wpb_content_element ut-animate-image animated ut-no-animation-tablet ut-no-animation-mobile  clearfix"><style type="text/css" scoped>#ut_am_69f4db8d35ec1 { opacity: 1; }</style><div id="ut_am_wrap_69f4db8d35ec2" class="ut-image-gallery-image " style="text-align:left;"><div class="ut-animated-image-item ut-image-gallery-item ut-animation-done"><a target="_self" href="http://cpp.com.ar/formacion/reconstruir-una-relacion/" ><img title="Como reconstruir" id="ut_am_69f4db8d35ec1" style="" src="https://cpp.com.ar/formacion/wp-content/uploads/sites/3/2018/07/como-reconstruir.jpg" width="300" height="363" alt="Como reconstruir una relacion"/><div class="ut-image-gallery-image-caption"><div class="ut-image-gallery-item-caption-title"><h3 class="ut-image-gallery-empty-title">+</h3></div></div></a></div></div></div>[/vc_column][vc_column width=»1/6&#8243;]<div data-effect="fadeInLeft" data-animateonce="yes" data-delay="0" class="wpb_content_element ut-animate-image animated ut-no-animation-tablet ut-no-animation-mobile  clearfix"><style type="text/css" scoped>#ut_am_69f4db8d3623e { opacity: 1; }</style><div id="ut_am_wrap_69f4db8d3623f" class="ut-image-gallery-image " style="text-align:left;"><div class="ut-animated-image-item ut-image-gallery-item ut-animation-done"><a target="_self" href="http://cpp.com.ar/formacion/estrategias-psicoterapeuticas-institucionales/" ><img title="estrategias" id="ut_am_69f4db8d3623e" style="" src="https://cpp.com.ar/formacion/wp-content/uploads/sites/3/2018/07/estrategias.jpg" width="300" height="363" alt="estrategias"/><div class="ut-image-gallery-image-caption"><div class="ut-image-gallery-item-caption-title"><h3 class="ut-image-gallery-empty-title">+</h3></div></div></a></div></div></div>[/vc_column][vc_column width=»1/6&#8243;]<div data-effect="fadeInLeft" data-animateonce="yes" data-delay="0" class="wpb_content_element ut-animate-image animated ut-no-animation-tablet ut-no-animation-mobile  clearfix"><style type="text/css" scoped>#ut_am_69f4db8d365d8 { opacity: 1; }</style><div id="ut_am_wrap_69f4db8d365d9" class="ut-image-gallery-image " style="text-align:left;"><div class="ut-animated-image-item ut-image-gallery-item ut-animation-done"><a target="_self" href="http://cpp.com.ar/formacion/que-y-como/" ><img title="que-y-como" id="ut_am_69f4db8d365d8" style="" src="https://cpp.com.ar/formacion/wp-content/uploads/sites/3/2020/11/que-y-como.jpg" width="300" height="361" alt=""/><div class="ut-image-gallery-image-caption"><div class="ut-image-gallery-item-caption-title"><h3 class="ut-image-gallery-empty-title">+</h3></div></div></a></div></div></div>[/vc_column][vc_column width=»1/6&#8243;]<div data-effect="fadeInLeft" data-animateonce="yes" data-delay="0" class="wpb_content_element ut-animate-image animated ut-no-animation-tablet ut-no-animation-mobile  clearfix"><style type="text/css" scoped>#ut_am_69f4db8d36956 { opacity: 1; }</style><div id="ut_am_wrap_69f4db8d36957" class="ut-image-gallery-image " style="text-align:left;"><div class="ut-animated-image-item ut-image-gallery-item ut-animation-done"><a target="_self" href="http://cpp.com.ar/formacion/inteligencia-para-el-bienestar/" ><img title="Inteligencia" id="ut_am_69f4db8d36956" style="" src="https://cpp.com.ar/formacion/wp-content/uploads/sites/3/2018/07/inteligencia.jpg" width="300" height="362" alt="Inteligencia para el bienestar"/><div class="ut-image-gallery-image-caption"><div class="ut-image-gallery-item-caption-title"><h3 class="ut-image-gallery-empty-title">+</h3></div></div></a></div></div></div>[/vc_column][/vc_row][/vc_section]</p>
</section>

<p>[vc_section][vc_row][vc_column][vc_column_text] Estrategias para su autodesarrollo y cuidado Autor: Pablo F. Hirsch [/vc_column_text][/vc_column][/vc_row][/vc_section][vc_section][vc_row][vc_column width=»1/3&#8243;][/vc_column][vc_column width=»2/3&#8243;][vc_empty_space][vc_column_text css_animation=»fadeIn»] El eje del libro es brindar al lector una serie de ideas, ejercicios y propuestas que lo ayuden en la búsqueda de un equilibrio entre su vida personal y profesional. Fue redactado teniendo en cuenta las necesidades de psicólogos y psiquiatras [&hellip;]</p>
