{"id":198,"date":"2018-06-19T14:13:57","date_gmt":"2018-06-19T17:13:57","guid":{"rendered":"http:\/\/cpp.com.ar\/formacion\/?page_id=198"},"modified":"2021-03-09T14:47:16","modified_gmt":"2021-03-09T17:47:16","slug":"cursos-virtuales","status":"publish","type":"page","link":"https:\/\/cpp.com.ar\/formacion\/cursos-virtuales\/","title":{"rendered":"Cursos Virtuales"},"content":{"rendered":"<section class=\"wpb-content-wrapper\"><p>[vc_section][vc_row][vc_column width=\u00bb2\/3&#8243;][vc_column_text]Los cursos virtuales son ideales para quienes buscan flexibilidad y comodidad: pod\u00e9s cursar cu\u00e1ndo y c\u00f3mo vos prefieras.<\/p>\n<h3>\u00a1Capacitate a distancia est\u00e9s donde est\u00e9s!<\/h3>\n<p>[\/vc_column_text][\/vc_column][vc_column width=\u00bb1\/3&#8243;]<div data-effect=\"fadeInRight\" data-animateonce=\"yes\" data-delay=\"0\" class=\"wpb_content_element ut-animate-image animated ut-no-animation-tablet ut-no-animation-mobile  clearfix\"><style type=\"text\/css\" scoped>#ut_am_69e003df2c38b { opacity: 1; }<\/style><div id=\"ut_am_wrap_69e003df2c38c\" class=\"ut-image-gallery-image \" style=\"text-align:right;\"><div class=\"ut-animated-image-item ut-image-gallery-item ut-animation-done\"><a class=\"ut-deactivated-link\" href=\"#\"><img title=\"Virtual\" id=\"ut_am_69e003df2c38b\" style=\"\" src=\"https:\/\/cpp.com.ar\/formacion\/wp-content\/uploads\/sites\/3\/2018\/06\/Virtual.png\" width=\"246\" height=\"160\" alt=\"Universidad de Belgrano\"\/><\/a><\/div><\/div><\/div>[\/vc_column][\/vc_row][vc_row][vc_column]<style type=\"text\/css\" scoped><\/style><div id=\"bklyn_btn_69e003df2c3e4\" class=\"bklyn-btn-holder  bklyn-btn-center\"><a title=\"\"   href=\"https:\/\/campus.cpp.com.ar\/catalogo.cgi\" target=\"_blank\" class=\"bklyn-btn  bklyn-btn-normal\" >Ver los cursos con inscripci\u00f3n activa aqu\u00ed<\/a><\/div>[\/vc_column][\/vc_row][\/vc_section]<\/p>\n<\/section>","protected":false},"excerpt":{"rendered":"<p>[vc_section][vc_row][vc_column width=\u00bb2\/3&#8243;][vc_column_text]Los cursos virtuales son ideales para quienes buscan flexibilidad y comodidad: pod\u00e9s cursar cu\u00e1ndo y c\u00f3mo vos prefieras. \u00a1Capacitate a distancia est\u00e9s donde est\u00e9s! [\/vc_column_text][\/vc_column][vc_column width=\u00bb1\/3&#8243;][\/vc_column][\/vc_row][vc_row][vc_column][\/vc_column][\/vc_row][\/vc_section]<\/p>\n","protected":false},"author":1,"featured_media":0,"parent":0,"menu_order":0,"comment_status":"closed","ping_status":"closed","template":"","meta":{"footnotes":""},"acf":[],"_links":{"self":[{"href":"https:\/\/cpp.com.ar\/formacion\/wp-json\/wp\/v2\/pages\/198"}],"collection":[{"href":"https:\/\/cpp.com.ar\/formacion\/wp-json\/wp\/v2\/pages"}],"about":[{"href":"https:\/\/cpp.com.ar\/formacion\/wp-json\/wp\/v2\/types\/page"}],"author":[{"embeddable":true,"href":"https:\/\/cpp.com.ar\/formacion\/wp-json\/wp\/v2\/users\/1"}],"replies":[{"embeddable":true,"href":"https:\/\/cpp.com.ar\/formacion\/wp-json\/wp\/v2\/comments?post=198"}],"version-history":[{"count":26,"href":"https:\/\/cpp.com.ar\/formacion\/wp-json\/wp\/v2\/pages\/198\/revisions"}],"predecessor-version":[{"id":7216,"href":"https:\/\/cpp.com.ar\/formacion\/wp-json\/wp\/v2\/pages\/198\/revisions\/7216"}],"wp:attachment":[{"href":"https:\/\/cpp.com.ar\/formacion\/wp-json\/wp\/v2\/media?parent=198"}],"curies":[{"name":"wp","href":"https:\/\/api.w.org\/{rel}","templated":true}]}}